{"id":8142,"date":"2021-07-05T15:13:27","date_gmt":"2021-07-05T12:13:27","guid":{"rendered":"https:\/\/www.bio.uaic.ro\/?page_id=8142"},"modified":"2025-06-06T06:51:56","modified_gmt":"2025-06-06T03:51:56","slug":"tabere","status":"publish","type":"page","link":"https:\/\/www.bio.uaic.ro\/?page_id=8142","title":{"rendered":"Tabere"},"content":{"rendered":"<h1 class=\"wp-block-heading has-white-color has-vivid-cyan-blue-background-color has-text-color has-background has-link-color has-medium-font-size wp-elements-7ce887dff4f2e66dea9a29146181a28b has-ek-typography\" style=\"font-style:normal;font-weight:500\">Tabere 2025<\/h1>\n\n<div class=\"wp-block-uagb-tabs uagb-block-6b86cda4 uagb-tabs__wrap uagb-tabs__hstyle3-desktop uagb-tabs__vstyle6-tablet uagb-tabs__stack1-mobile has-ek-typography\" data-tab-active=\"0\" style=\"\"><ul class=\"uagb-tabs__panel uagb-tabs__align-left\" role=\"tablist\"><li class=\"uagb-tab uagb-tabs__active\" role=\"none\"><a href=\"#uagb-tabs__tab0\" class=\"uagb-tabs-list uagb-tabs__icon-position-right\" data-tab=\"0\" role=\"tab\"><div>Tabere de var\u0103<\/div><span class=\"uagb-tabs__icon\"><svg xmlns=\"https:\/\/www.w3.org\/2000\/svg\" viewbox=\"0 0 576 512\"><path d=\"M269.4 5.961C280.5-1.987 295.5-1.987 306.6 5.961L530.6 165.1C538 171.2 542.8 179.4 543.8 188.5L575.8 476.5C576.8 485.5 573.9 494.6 567.8 501.3C561.8 508.1 553.1 512 544 512H416L288 288V512H32C22.9 512 14.23 508.1 8.156 501.3C2.086 494.6-.8093 485.5 .1958 476.5L32.2 188.5C33.2 179.4 38 171.2 45.4 165.1L269.4 5.961z\"><\/path><\/svg><\/span><\/a><\/li><li class=\"uagb-tab \" role=\"none\"><a href=\"#uagb-tabs__tab1\" class=\"uagb-tabs-list uagb-tabs__icon-position-right\" data-tab=\"1\" role=\"tab\"><div>Tabere de iarn\u0103<\/div><span class=\"uagb-tabs__icon\"><svg xmlns=\"https:\/\/www.w3.org\/2000\/svg\" viewbox=\"0 0 576 512\"><path d=\"M269.4 5.961C280.5-1.987 295.5-1.987 306.6 5.961L530.6 165.1C538 171.2 542.8 179.4 543.8 188.5L575.8 476.5C576.8 485.5 573.9 494.6 567.8 501.3C561.8 508.1 553.1 512 544 512H416L288 288V512H32C22.9 512 14.23 508.1 8.156 501.3C2.086 494.6-.8093 485.5 .1958 476.5L32.2 188.5C33.2 179.4 38 171.2 45.4 165.1L269.4 5.961z\"><\/path><\/svg><\/span><\/a><\/li><\/ul><div class=\"uagb-tabs__body-wrap\"><div class=\"wp-block-uagb-tabs-child uagb-tabs__body-container uagb-inner-tab-0 has-ek-typography\" aria-labelledby=\"uagb-tabs__tab0\" style=\"\"><h4 class=\"wp-block-heading has-text-align-center has-ek-typography\" style=\"\"><mark style=\"background-color:rgba(0, 0, 0, 0)\" class=\"has-inline-color has-vivid-red-color\">\u00cenainte de a depune cerere pentru solicitarea unui loc de tab\u0103r\u0103, studen\u021bii trebuie s\u0103 parcurg\u0103 cu aten\u021bie Metodologia privind organizarea taberelor studen\u021be\u0219ti!<\/mark><\/h4>\n\n<ul class=\"wp-block-list has-ek-typography\" style=\"\"><li class=\" has-ek-typography\" style=\"\"><a href=\"https:\/\/www.bio.uaic.ro\/wp-content\/uploads\/2025\/06\/Centralizator-beneficiari-tabere.pdf\" class=\"mtli_attachment mtli_pdf\">Anun\u021b &#8211; List\u0103 beneficiari tabere<\/a><\/li>\n\n<li class=\" has-ek-typography\" style=\"\"><a href=\"https:\/\/www.bio.uaic.ro\/wp-content\/uploads\/2025\/06\/anunt_selectie_tabere_2024_2025.pdf\" class=\"mtli_attachment mtli_pdf\">Anun\u021b selec\u021bie<\/a><\/li>\n\n<li class=\" has-ek-typography\" style=\"\"><a href=\"http:\/\/cercetare.bio.uaic.ro\/secretariat\/tabere\/2025\/Vara\/2025-Anunt.pdf\" class=\"mtli_attachment mtli_pdf\" target=\"_blank\" rel=\"noreferrer noopener\">Anun\u021b repartizare locuri<\/a><\/li>\n\n<li class=\" has-ek-typography\" style=\"\"><a href=\"http:\/\/cercetare.bio.uaic.ro\/secretariat\/tabere\/2025\/Vara\/2025-Calendar.pdf\" class=\"mtli_attachment mtli_pdf\" target=\"_blank\" rel=\"noreferrer noopener\">Calendar detaliat privind desf\u0103\u0219urarea taberelor studen\u021be\u0219ti de var\u0103<\/a><\/li>\n\n<li class=\" has-ek-typography\" style=\"\"><a href=\"http:\/\/cercetare.bio.uaic.ro\/secretariat\/tabere\/2025\/Vara\/2025-Cerere.pdf\" class=\"mtli_attachment mtli_pdf\" target=\"_blank\" rel=\"noreferrer noopener\">Cerere individual\u0103 privind ocuparea unui loc \u00een cadrul taberelor studen\u021be\u0219ti<\/a><\/li>\n\n<li class=\" has-ek-typography\" style=\"\"><a href=\"http:\/\/cercetare.bio.uaic.ro\/secretariat\/tabere\/2025\/Vara\/2025-Metodologie.pdf\" class=\"mtli_attachment mtli_pdf\" target=\"_blank\" rel=\"noreferrer noopener\">Metodologie<\/a><\/li>\n\n<li class=\" has-ek-typography\" style=\"\"><a href=\"http:\/\/cercetare.bio.uaic.ro\/secretariat\/tabere\/2025\/Vara\/2025-Repartizare-locuri.pdf\" class=\"mtli_attachment mtli_pdf\" target=\"_blank\" rel=\"noreferrer noopener\">Repartizare locuri pe facult\u0103\u021bi<\/a><\/li><\/ul>\n\n<p class=\" has-ek-typography\" style=\"\"><strong>Comisia de selec\u021bie<\/strong><\/p><\/div>\n\n<div class=\"wp-block-uagb-tabs-child uagb-tabs__body-container uagb-inner-tab-1 has-ek-typography\" aria-labelledby=\"uagb-tabs__tab1\" style=\"\"><p class=\" has-ek-typography\" style=\"\">Ministerul Tineretului \u0219i Sportului, organizeaz\u0103, prin casele de cultur\u0103 ale studen\u021bilor \u0219i Complexul Cultural Sportiv Studen\u021besc ,,Tei\u201d, tabere studen\u021be\u0219ti care se desf\u0103\u0219oar\u0103 la munte, la mare \u0219i \u00een Delta Dun\u0103rii.<\/p>\n\n<p class=\" has-ek-typography\" style=\"\">Studen\u021bii care doresc ocuparea unui loc gratuit \u00een taberele studen\u021be\u0219ti pot depune cererea de solicitare a unui loc de tab\u0103r\u0103 la secretariatul Facult\u0103\u021bii de Biologie p\u00e2n\u0103 la data <strong>de 25 februarie 2024<\/strong>. Cererea tip se g\u0103se\u0219te la secretariat \u0219i pe site-ul facult\u0103\u021bii.<\/p>\n\n<p class=\" has-ek-typography\" style=\"\">Cererile, semnate de studen\u021bi trebuie s\u0103 fie <strong>\u00eenso\u021bite de documentele justificative care atest\u0103 implicarea \u00een activit\u0103\u021bi extra curriculare<\/strong> sau <strong>\u00eencadrarea studentului \u00een unul dintre cazurile sociale<\/strong> prev\u0103zute la art. 5 alin. (1) lit. din <em>Metodologia privind organizarea taberelor studen\u021be\u0219ti<\/em>.<\/p>\n\n<p class=\"has-text-align-center has-ek-typography\" style=\"\"><strong><mark style=\"background-color:rgba(0, 0, 0, 0)\" class=\"has-inline-color has-vivid-red-color\">\u00cenainte de a depune cerere pentru solicitare a unui loc de tab\u0103r\u0103, studen\u021bii trebuie s\u0103 parcurg\u0103 cu aten\u021bie Metodologia privind organizarea taberelor studen\u021be\u0219ti!<\/mark><\/strong><\/p>\n\n<h3 class=\"wp-block-heading has-text-align-center has-ek-typography\" style=\"\"><strong>CALENDAR<\/strong><\/h3>\n\n<figure class=\"wp-block-table caption-align-default has-ek-typography\" style=\"\"><table><tbody><tr><td class=\"has-text-align-center\" data-align=\"center\"><strong>19-25 ianuarie 2024<\/strong><\/td><td>Depunerea cererii de solicitare tab\u0103r\u0103 (cu documentele justificative dac\u0103 este cazul) la secretariatul facult\u0103\u021bii<\/td><\/tr><tr><td class=\"has-text-align-center\" data-align=\"center\"><strong>26 ianuarie 2024<\/strong><\/td><td>Afi\u0219area tabelului centralizator cu solicitan\u021bii de tabere<\/td><\/tr><tr><td class=\"has-text-align-center\" data-align=\"center\"><strong>29 ianuarie 2024<\/strong><\/td><td>Analizarea cererilor depuse de studen\u021bi<\/td><\/tr><tr><td class=\"has-text-align-center\" data-align=\"center\"><strong>29 ianuarie 2024<\/strong><\/td><td>Afi\u0219area rezultatelor<\/td><\/tr><tr><td class=\"has-text-align-center\" data-align=\"center\"><strong>30 ianuarie \u2013 01 februarie 2024<\/strong><\/td><td>Depunerea contesta\u021biilor privind selec\u021bia beneficiarilor locurilor de tab\u0103r\u0103 la secretariatul facult\u0103\u021bii<\/td><\/tr><tr><td class=\"has-text-align-center\" data-align=\"center\"><strong>02 februarie 2024<\/strong><\/td><td>Afi\u0219area listelor finale<\/td><\/tr><tr><td class=\"has-text-align-center\" data-align=\"center\"><strong>05 &#8211; 06 februarie 2024<\/strong><\/td><td>\u00cent\u00e2lnire cu beneficiarii locurilor de tab\u0103r\u0103<\/td><\/tr><tr><td class=\"has-text-align-center\" data-align=\"center\"><strong>06 februarie 2024<\/strong><\/td><td>Afi\u0219area listelor finale cu beneficiarii locurilor de tab\u0103r\u0103, listelor de rezerv\u0103, loca\u021biile \u0219i perioada de desf\u0103\u0219urare<\/td><\/tr><\/tbody><\/table><\/figure>\n\n<ul class=\"wp-block-list has-ek-typography\" style=\"\"><li class=\" has-ek-typography\" style=\"\"><strong><a href=\"http:\/\/cercetare.bio.uaic.ro\/secretariat\/tabere\/2024\/Iarna\/2024-Tabere%20de%20iarna-metodologie.pdf\" class=\"mtli_attachment mtli_pdf\" target=\"_blank\" aria-label=\"Metodologie (opens in a new tab)\" rel=\"noreferrer noopener\" class=\"ek-link\">Metodologie<\/a><\/strong><\/li>\n\n<li class=\" has-ek-typography\" style=\"\"><strong><a href=\"http:\/\/cercetare.bio.uaic.ro\/secretariat\/tabere\/2024\/Iarna\/2024-Tabere%20de%20iarna-calendar.pdf\" class=\"mtli_attachment mtli_pdf\" target=\"_blank\" aria-label=\"Calendar selec\u021bie studen\u021bi (opens in a new tab)\" rel=\"noreferrer noopener\" class=\"ek-link\">Calendar selec\u021bie studen\u021bi<\/a><\/strong><\/li>\n\n<li class=\" has-ek-typography\" style=\"\"><strong><a href=\"ftp:\/\/cercetare.bio.uaic.ro\/secretariat\/tabere\/2024\/Iarna\/2024-Tabere%20de%20iarna-repartizare-locuri.pdf\" class=\"mtli_attachment mtli_pdf\" target=\"_blank\" aria-label=\"Repartizare locuri pe facult\u0103\u021bi (opens in a new tab)\" rel=\"noreferrer noopener\" class=\"ek-link\">Repartizare locuri pe facult\u0103\u021bi<\/a><\/strong><\/li>\n\n<li class=\" has-ek-typography\" style=\"\"><strong><a href=\"http:\/\/cercetare.bio.uaic.ro\/secretariat\/tabere\/2024\/Iarna\/2024-Tabere%20de%20iarna-anexe.docx\" class=\"mtli_attachment mtli_docx\" target=\"_blank\" aria-label=\"Anexe (opens in a new tab)\" rel=\"noreferrer noopener\" class=\"ek-link\">Anexe<\/a><\/strong><\/li>\n\n<li class=\" has-ek-typography\" style=\"\"><strong><a href=\"ftp:\/\/cercetare.bio.uaic.ro\/secretariat\/tabere\/2024\/Iarna\/2024-Tabere%20de%20iarna-ordin.pdf\" class=\"mtli_attachment mtli_pdf\" target=\"_blank\" aria-label=\"Ordin (opens in a new tab)\" rel=\"noreferrer noopener\" class=\"ek-link\">Ordin<\/a><\/strong><\/li><\/ul>\n\n<p class=\" has-ek-typography\" style=\"\"><strong>Comisia de selec\u021bie<\/strong><\/p>\n\n<ul class=\"wp-block-list has-ek-typography\" style=\"\"><li class=\" has-ek-typography\" style=\"\">Administrator \u0218ef Facultate Cecilia Elena Coman<\/li>\n\n<li class=\" has-ek-typography\" style=\"\">Student reprezentant M\u0103lina\u00a0Atodiresei<\/li>\n\n<li class=\" has-ek-typography\" style=\"\">Student reprezentant Simona Eni\u0219or<\/li><\/ul><\/div><\/div><\/div>\n\n<p class=\" has-ek-typography\" style=\"\"><\/p>","protected":false},"excerpt":{"rendered":"<p>Tabere 2025<\/p>\n","protected":false},"author":1,"featured_media":0,"parent":0,"menu_order":0,"comment_status":"closed","ping_status":"closed","template":"page-templates\/page-with-right-sidebar.php","meta":{"_editorskit_title_hidden":false,"_editorskit_reading_time":1,"_editorskit_is_block_options_detached":false,"_editorskit_block_options_position":"{}","_editorskit_typography_data":[],"_editorskit_blocks_typography":"","_uag_custom_page_level_css":"","footnotes":""},"class_list":["post-8142","page","type-page","status-publish","hentry"],"featured_image_src":null,"uagb_featured_image_src":{"full":false,"thumbnail":false,"medium":false,"medium_large":false,"large":false,"1536x1536":false,"2048x2048":false,"post-thumbnail":false,"mesmerize-full-hd":false},"uagb_author_info":{"display_name":"admin","author_link":"https:\/\/www.bio.uaic.ro\/?author=1"},"uagb_comment_info":0,"uagb_excerpt":"Tabere 2025","_links":{"self":[{"href":"https:\/\/www.bio.uaic.ro\/index.php?rest_route=\/wp\/v2\/pages\/8142","targetHints":{"allow":["GET"]}}],"collection":[{"href":"https:\/\/www.bio.uaic.ro\/index.php?rest_route=\/wp\/v2\/pages"}],"about":[{"href":"https:\/\/www.bio.uaic.ro\/index.php?rest_route=\/wp\/v2\/types\/page"}],"author":[{"embeddable":true,"href":"https:\/\/www.bio.uaic.ro\/index.php?rest_route=\/wp\/v2\/users\/1"}],"replies":[{"embeddable":true,"href":"https:\/\/www.bio.uaic.ro\/index.php?rest_route=%2Fwp%2Fv2%2Fcomments&post=8142"}],"version-history":[{"count":102,"href":"https:\/\/www.bio.uaic.ro\/index.php?rest_route=\/wp\/v2\/pages\/8142\/revisions"}],"predecessor-version":[{"id":22594,"href":"https:\/\/www.bio.uaic.ro\/index.php?rest_route=\/wp\/v2\/pages\/8142\/revisions\/22594"}],"wp:attachment":[{"href":"https:\/\/www.bio.uaic.ro\/index.php?rest_route=%2Fwp%2Fv2%2Fmedia&parent=8142"}],"curies":[{"name":"wp","href":"https:\/\/api.w.org\/{rel}","templated":true}]}}