{"id":7554,"date":"2021-06-17T09:37:29","date_gmt":"2021-06-17T06:37:29","guid":{"rendered":"https:\/\/www.bio.uaic.ro\/?page_id=7554"},"modified":"2025-07-12T09:10:54","modified_gmt":"2025-07-12T06:10:54","slug":"biochimie","status":"publish","type":"page","link":"https:\/\/www.bio.uaic.ro\/?page_id=7554","title":{"rendered":"Biochimie"},"content":{"rendered":"<figure class=\"wp-block-image size-large has-ek-typography\" style=\"\"><img loading=\"lazy\" decoding=\"async\" width=\"728\" height=\"1024\" src=\"https:\/\/www.bio.uaic.ro\/wp-content\/uploads\/2025\/07\/Afis-Admitere-Biochimie-2025-728x1024.jpg\" alt=\"\" class=\"wp-image-22987\" srcset=\"https:\/\/www.bio.uaic.ro\/wp-content\/uploads\/2025\/07\/Afis-Admitere-Biochimie-2025-728x1024.jpg 728w, https:\/\/www.bio.uaic.ro\/wp-content\/uploads\/2025\/07\/Afis-Admitere-Biochimie-2025-213x300.jpg 213w, https:\/\/www.bio.uaic.ro\/wp-content\/uploads\/2025\/07\/Afis-Admitere-Biochimie-2025-768x1080.jpg 768w, https:\/\/www.bio.uaic.ro\/wp-content\/uploads\/2025\/07\/Afis-Admitere-Biochimie-2025-1092x1536.jpg 1092w, https:\/\/www.bio.uaic.ro\/wp-content\/uploads\/2025\/07\/Afis-Admitere-Biochimie-2025-1456x2048.jpg 1456w, https:\/\/www.bio.uaic.ro\/wp-content\/uploads\/2025\/07\/Afis-Admitere-Biochimie-2025-1024x1440.jpg 1024w, https:\/\/www.bio.uaic.ro\/wp-content\/uploads\/2025\/07\/Afis-Admitere-Biochimie-2025-scaled.jpg 1820w\" sizes=\"auto, (max-width: 728px) 100vw, 728px\" \/><\/figure>\n\n<div style=\"height:100px\" aria-hidden=\"true\" class=\"wp-block-spacer has-ek-typography\"><\/div>\n\n<p class=\"has-text-align-justify has-ek-typography\" style=\"\"><strong><em>Biochimia<\/em><\/strong><strong> <\/strong>este o ramur\u0103 a \u0219tiin\u021bei, derivat\u0103 din \u00eempletirea Biologiei cu Chimia, ce se ocup\u0103 cu studiul structurii \u0219i compozi\u021biei substan\u021belor chimice precum \u0219i a reac\u021biilor chimice pe care le realizeaz\u0103 acestea \u00een sistemele vii (celule, organisme sau ecosisteme). <strong><em>Biochimia<\/em><\/strong> se concentreaz\u0103 pe procesele ce au loc la nivel molecular, \u00een special \u00een interiorul celulei \u015fi se apleac\u0103 asupra studiului rolului, func\u0163iilor \u015fi structurii unor biomolecule precum proteinele, lipidele, acizii nucleici sau glucidele. <strong><em>Biochimia<\/em><\/strong> studiaz\u0103, de asemenea, modul \u00een care celulele comunic\u0103 \u00eentre ele pentru ca organismul s\u0103 se poat\u0103 dezvolta sau pentru a putea lupta \u00eempotriva unei boli \u015fi ofer\u0103 no\u0163iuni necesare \u00een\u021belegerii dependen\u021bei dintre structura moleculelor \u0219i func\u021biile acestora, modului \u00een care dou\u0103 molecule diferite ar putea interac\u021biona \u00een interiorul celulei sau mecanismelor moleculare care stau la baza activit\u0103\u0163ii biologice a biomoleculelor (replicarea acidului deoxiribonucleic, transcrierea \u015fi traducerea mesajului genetic \u015fi func\u0163ii celulare complexe).<\/p>\n\n<p class=\"has-text-align-justify has-ek-typography\" style=\"\">Dac\u0103 termenul de <strong><em>Biochimie<\/em><\/strong> a fost introdus \u00een 1877 de c\u0103tre <em>Felix Hoppe-Seyler<\/em> la publicarea primului num\u0103r al revistei <em>Zeitschrift f\u00fcr Physiologische Chemie<\/em>,<strong> <em>Biochimia<\/em> <\/strong>ca domeniu \u0219tiin\u021bific apare la \u00eenceputul secolului al XIX-lea sau ceva mai devreme, momentul exact fiind \u00eens\u0103 disputat de:<\/p>\n\n<p class=\" has-ek-typography\" style=\"\">* studiile proceselor de fermenta\u021bie \u0219i respira\u021bie ale lui <em>Antoine Lavoisier<\/em> (\u00eenceputul secolului al XIX-lea)<\/p>\n\n\n<p>*descoperirea primei enzime \u2013 diastaza (ast\u0103zi cunoscut\u0103 cu numele de amilaz\u0103) de <em>Anselme Payen<\/em> \u00een 1833<\/p>\n\n\n\n<p>* sintetizarea ureei din compu\u015fi anorganici (prin \u00eenc\u0103lzirea cianatului de amoniu) de c\u0103tre Friedrich Wohler \u00een 1828&nbsp;&nbsp;&nbsp;<\/p>\n\n\n\n<p>* publicarea lucr\u0103rii <em>Animal Chemistry or Organic chemistry in its applications to physiology and pathology <\/em>de c\u0103tre <em>Justus von Liebig<\/em> \u00een 1842 \u0219i introducereatermenului de metabolism.<\/p>\n\n\n\n<p class=\"has-text-align-justify\"><strong><em>Biochimia<\/em><\/strong> este o \u0219tiin\u021b\u0103 a prezen\u021bului \u0219i, mai ales, a viitorului, constituind un domeniu complex de investigare a viului \u015fi av\u00e2nd o influen\u0163\u0103 tot mai surprinz\u0103toare asupra diferitelor domenii ale activit\u0103\u0163ii umane av\u00e2nd at\u00e2t o component\u0103 de investiga\u0163ie \u015ftiin\u0163ific\u0103 fundamental\u0103 ce urm\u0103re\u015fte descifrarea \u015fi \u00een\u0163elegerea proceselor biochimice c\u00e2t \u015fi o component\u0103 experimental\u0103 ce permite identificarea solu\u0163iilor pentru o serie de probleme cu care ne confrunt\u0103m \u00een prezent. Biochimia are o larg\u0103 aplicabilitate \u00een medicina uman\u0103 \u015fi veterinar\u0103, prin determinarea activit\u0103\u0163ii unor enzime tisulare \u015fi\/sau din lichidele biologice \u00een scop de diagnostic, prin utilizarea enzimelor \u00een tratamentul unor enzimopatii sau prin elucidarea mecanismelor moleculare ce stau la baza diferitelor anomalii ereditare&nbsp; etc.; \u00een perfec\u0163ionarea unor biotehnologii \u015fi nanotehnologii cu aplica\u0163ii dintre cele mai diverse; \u00een industia chimico-farmaceutic\u0103; industria u\u015foar\u0103 (alimentar\u0103, textil\u0103, de piel\u0103rie \u015fi \u00eenc\u0103l\u0163\u0103minte etc.); epurarea apelor uzate; chimia analitic\u0103.<\/p>\n\n\n\n<p class=\"has-text-align-justify\">Conform Registrului Na\u021bional al Calific\u0103rilor din \u00cenv\u0103\u021b\u0103m\u00e2ntul Superior (RNCIS), titlul ob\u0163inut de absolven\u021bii specializ\u0103rii Biochimie este de <em>Licen\u0163iat \u00een Biologie<\/em>, denumirea calific\u0103rii <em>Biochimie<\/em>, iar ocupa\u021biile posibile, conform Clasific\u0103rii Ocupa\u021biilor din Rom\u00e2nia, sunt: consilier biochimist (cod COR 213121), biochimist (cod COR 214512), profesor \u00een \u00een\u0103\u0163\u0103m\u00e2ntul gimnazial (cod COR 233002).<\/p>\n\n\n\n<p><strong>Competen\u021be ale absolven\u021bilor Programul de studii Licen\u021b\u0103 Biochimie<\/strong><\/p>\n\n\n\n<p><strong><em>Competen\u0163e profesionale:<\/em><\/strong><\/p>\n\n\n\n<p>* Operarea cu no\u0163iuni concepte, legit\u0103\u0163i \u015fi principii specifice domeniului.<\/p>\n\n\n\n<p>* Investigarea bazei moleculare \u015fi celulare de organizare \u015fi func\u0163ionare a materiei vii.<\/p>\n\n\n\n<p>* Identificarea \u015fi caracterizarea compu\u015filor biochimici prezen\u0163i \u00een organismele vii.<\/p>\n\n\n\n<p>* Explorarea proceselor biochimice din organismele vii.\u2022Utilizarea de modele \u015fi algoritmi pentru cunoa\u015fterea lumii vii.<\/p>\n\n\n\n<p>* Integrarea inter-\/ transdisciplinar\u0103 a cuno\u015ftin\u0163elor specifice domeniului.<\/p>\n\n\n\n<p><strong><em>Competen\u0163e transversale:<\/em><\/strong><\/p>\n\n\n\n<p>* Realizarea responsabil\u0103 \u015fi eficient\u0103 a sarcinilor aferente profesiilor din domeniu, cu respectarea principiilor de etic\u0103 profesional\u0103.<\/p>\n\n\n\n<p>* Identificarea rolului dintr-o echip\u0103 \u015fi preluarea responsabilit\u0103\u0163ilor corespunz\u0103toare profilului profesional \u015fi personal.<\/p>\n\n\n\n<p>* Dezvoltarea capacit\u0103\u0163ilor de reflec\u0163ie critic-constructiv\u0103 asupra propriului nivel de preg\u0103tire profesional\u0103 \u00een raport cu standardele profesiei.<\/p>\n\n\n\n<p>Dintre oportunit\u0103\u0163ile oferite absolven\u0163ilor programului de studii de Licen\u0163\u0103 Biochimie, cei mai mul\u0163i parcurg\u00e2nd \u015fi ciclul de studii masterale sau diverse alte programe de specializare, amintim:<\/p>\n\n\n\n<p>* dob\u00e2ndirea de competen\u0163e psiho-pedagogice necesare pentru urmarea unei cariere \u00een \u00eenv\u0103\u0163\u0103m\u00e2nt;<\/p>\n\n\n\n<p>* dob\u00e2ndirea abilit\u0103\u0163ilor practice necesare pentru \u00eembr\u0103\u0163i\u015farea carierei de cercet\u0103tor;<\/p>\n\n\n\n<p>* dob\u00e2ndirea de competen\u021be necesare desf\u0103\u0219ur\u0103rii de activit\u0103\u021bi de analiz\u0103 sau experimentale \u00een laboratoare de analize medicale sau analize ale diverselor companii din domeniu<\/p>\n\n\n\n<p><strong>COMISIA PENTRU ELABORAREA\/ REVIZUIREA PLANURILOR DE \u00ceNV\u0102\u0162\u0102M\u00c2NT PROGRAME DE STUDII<\/strong><\/p>\n\n\n<ul class=\"wp-block-list has-ek-typography\" style=\"\"><li class=\" has-ek-typography\" style=\"\">Prof. dr. habil. Marius MIH\u0102\u0218AN &#8211; Responsabil<\/li>\n\n\n<li>\u0218ef. lucr. dr. Elena TODIRA\u0218CU-CIORNEA<\/li>\n\n\n\n<li>\u0218ef. lucr. dr. Gabriela DUMITRU<\/li>\n\n\n\n<li>Conf. dr. Naela COSTIC\u0102<\/li>\n<\/ul>","protected":false},"excerpt":{"rendered":"<p>Biochimia este o ramur\u0103 a \u0219tiin\u021bei, derivat\u0103 din \u00eempletirea Biologiei cu Chimia, ce se ocup\u0103 cu studiul structurii \u0219i compozi\u021biei substan\u021belor chimice precum \u0219i a reac\u021biilor chimice pe care le realizeaz\u0103 acestea \u00een sistemele vii (celule, organisme sau ecosisteme). Biochimia se concentreaz\u0103 pe procesele ce au loc la nivel molecular, \u00een special \u00een interiorul celulei&hellip; <br \/> <a class=\"read-more\" href=\"https:\/\/www.bio.uaic.ro\/?page_id=7554\">Cite\u0219te mai mult<\/a><\/p>\n","protected":false},"author":1,"featured_media":0,"parent":0,"menu_order":0,"comment_status":"closed","ping_status":"closed","template":"page-templates\/page-with-right-sidebar.php","meta":{"_editorskit_title_hidden":false,"_editorskit_reading_time":2,"_editorskit_is_block_options_detached":false,"_editorskit_block_options_position":"{}","_editorskit_typography_data":[],"_editorskit_blocks_typography":"","_uag_custom_page_level_css":"","footnotes":""},"class_list":["post-7554","page","type-page","status-publish","hentry"],"featured_image_src":null,"uagb_featured_image_src":{"full":false,"thumbnail":false,"medium":false,"medium_large":false,"large":false,"1536x1536":false,"2048x2048":false,"post-thumbnail":false,"mesmerize-full-hd":false},"uagb_author_info":{"display_name":"admin","author_link":"https:\/\/www.bio.uaic.ro\/?author=1"},"uagb_comment_info":0,"uagb_excerpt":"Biochimia este o ramur\u0103 a \u0219tiin\u021bei, derivat\u0103 din \u00eempletirea Biologiei cu Chimia, ce se ocup\u0103 cu studiul structurii \u0219i compozi\u021biei substan\u021belor chimice precum \u0219i a reac\u021biilor chimice pe care le realizeaz\u0103 acestea \u00een sistemele vii (celule, organisme sau ecosisteme). Biochimia se concentreaz\u0103 pe procesele ce au loc la nivel molecular, \u00een special \u00een interiorul celulei&hellip;&hellip;","_links":{"self":[{"href":"https:\/\/www.bio.uaic.ro\/index.php?rest_route=\/wp\/v2\/pages\/7554","targetHints":{"allow":["GET"]}}],"collection":[{"href":"https:\/\/www.bio.uaic.ro\/index.php?rest_route=\/wp\/v2\/pages"}],"about":[{"href":"https:\/\/www.bio.uaic.ro\/index.php?rest_route=\/wp\/v2\/types\/page"}],"author":[{"embeddable":true,"href":"https:\/\/www.bio.uaic.ro\/index.php?rest_route=\/wp\/v2\/users\/1"}],"replies":[{"embeddable":true,"href":"https:\/\/www.bio.uaic.ro\/index.php?rest_route=%2Fwp%2Fv2%2Fcomments&post=7554"}],"version-history":[{"count":7,"href":"https:\/\/www.bio.uaic.ro\/index.php?rest_route=\/wp\/v2\/pages\/7554\/revisions"}],"predecessor-version":[{"id":22988,"href":"https:\/\/www.bio.uaic.ro\/index.php?rest_route=\/wp\/v2\/pages\/7554\/revisions\/22988"}],"wp:attachment":[{"href":"https:\/\/www.bio.uaic.ro\/index.php?rest_route=%2Fwp%2Fv2%2Fmedia&parent=7554"}],"curies":[{"name":"wp","href":"https:\/\/api.w.org\/{rel}","templated":true}]}}