{"id":482,"date":"2019-11-10T00:33:18","date_gmt":"2019-11-09T22:33:18","guid":{"rendered":"http:\/\/85.122.19.114:81\/wordpress\/?page_id=482"},"modified":"2025-03-03T14:50:25","modified_gmt":"2025-03-03T12:50:25","slug":"prezentare","status":"publish","type":"page","link":"https:\/\/www.bio.uaic.ro\/?page_id=482","title":{"rendered":"Prezentare"},"content":{"rendered":"<div class=\"wp-block-group has-ek-typography\" style=\"\"><div class=\"wp-block-group__inner-container is-layout-flow wp-block-group-is-layout-flow\"><figure class=\"wp-block-image size-large is-style-editorskit-rounded has-ek-typography\" style=\"\"><img loading=\"lazy\" decoding=\"async\" width=\"1024\" height=\"309\" src=\"https:\/\/www.bio.uaic.ro\/wp-content\/uploads\/2021\/02\/ccc2-1024x309.jpg\" alt=\"\" class=\"wp-image-2131\" srcset=\"https:\/\/www.bio.uaic.ro\/wp-content\/uploads\/2021\/02\/ccc2-1024x309.jpg 1024w, https:\/\/www.bio.uaic.ro\/wp-content\/uploads\/2021\/02\/ccc2-300x91.jpg 300w, https:\/\/www.bio.uaic.ro\/wp-content\/uploads\/2021\/02\/ccc2-768x232.jpg 768w, https:\/\/www.bio.uaic.ro\/wp-content\/uploads\/2021\/02\/ccc2.jpg 1245w\" sizes=\"auto, (max-width: 1024px) 100vw, 1024px\" \/><\/figure>\n\n<p class=\" has-ek-typography\" style=\"\"><\/p><\/div><\/div>\n\n<div class=\"wp-block-uagb-content-timeline uagb-timeline__outer-wrap uagb-block-7b36ecb1-a23b-44eb-99e7-d90efd0ed2c9 uagb-timeline__content-wrap uagb-timeline__center-block  uagb-timeline__arrow-top uagb-timeline has-ek-typography\" style=\"\"><article class=\"wp-block-uagb-content-timeline-child uagb-timeline__field uagb-timeline-child-861a87f4-71a8-4752-86d5-8bbebd898518 uagb-timeline__right uagb-timeline__field-wrap has-ek-typography\" style=\"\"><div class=\"uagb-timeline__marker out-view-uagb-timeline__icon\"><svg xmlns=\"https:\/\/www.w3.org\/2000\/svg\" viewbox=\"0 0 448 512\"><path d=\"M413.8 447.1L256 448l0 31.99C256 497.7 241.8 512 224.1 512c-17.67 0-32.1-14.32-32.1-31.99l0-31.99l-158.9-.0099c-28.5 0-43.69-34.49-24.69-56.4l68.98-79.59H62.22c-25.41 0-39.15-29.8-22.67-49.13l60.41-70.85H89.21c-21.28 0-32.87-22.5-19.28-37.31l134.8-146.5c10.4-11.3 28.22-11.3 38.62-.0033l134.9 146.5c13.62 14.81 2.001 37.31-19.28 37.31h-10.77l60.35 70.86c16.46 19.34 2.716 49.12-22.68 49.12h-15.2l68.98 79.59C458.7 413.7 443.1 447.1 413.8 447.1z\"><\/path><\/svg><\/div><div class=\"uagb-timeline__day-new uagb-timeline__day-right uagb-timeline__events-inner-new\"><div class=\"uagb-timeline__events-inner--content\"><div class=\"uagb-timeline__date-hide uagb-timeline__inner-date-new\">1860<\/div><h4 class=\"uagb-timeline__heading\"> Facultatea de \u015etiin\u0163e <\/h4><p class=\"uagb-timeline-desc-content\">A fost \u00eenfiin\u021bat\u0103 \u00een 1860 o dat\u0103 cu Universitatea \u201eAlexandru Ioan Cuza\u201d Ia\u0219i, ca o sec\u021bie a Facult\u0103\u021bii de \u0218tiin\u021be (Fizic\u0103, Matematic\u0103 \u0219i \u0218tiin\u021be Naturale).\u00a0<br><br><img loading=\"lazy\" decoding=\"async\" width=\"250\" height=\"188\" class=\"wp-image-1676\" style=\"width: 250px;\" src=\"https:\/\/www.bio.uaic.ro\/wp-content\/uploads\/2021\/01\/uaic_old.jpg\" alt=\"\" srcset=\"https:\/\/www.bio.uaic.ro\/wp-content\/uploads\/2021\/01\/uaic_old.jpg 800w, https:\/\/www.bio.uaic.ro\/wp-content\/uploads\/2021\/01\/uaic_old-300x225.jpg 300w, https:\/\/www.bio.uaic.ro\/wp-content\/uploads\/2021\/01\/uaic_old-768x576.jpg 768w\" sizes=\"auto, (max-width: 250px) 100vw, 250px\" \/><\/p><div class=\"uagb-timeline__arrow\"><\/div><\/div><\/div><div class=\"uagb-timeline__date-new\">1860<\/div><\/article>\n\n<article class=\"wp-block-uagb-content-timeline-child uagb-timeline__field uagb-timeline-child-f0d9f24a-956a-4497-9cce-663bce1f5d59 uagb-timeline__left uagb-timeline__field-wrap has-ek-typography\" style=\"\"><div class=\"uagb-timeline__marker out-view-uagb-timeline__icon\"><svg xmlns=\"https:\/\/www.w3.org\/2000\/svg\" viewbox=\"0 0 448 512\"><path d=\"M413.8 447.1L256 448l0 31.99C256 497.7 241.8 512 224.1 512c-17.67 0-32.1-14.32-32.1-31.99l0-31.99l-158.9-.0099c-28.5 0-43.69-34.49-24.69-56.4l68.98-79.59H62.22c-25.41 0-39.15-29.8-22.67-49.13l60.41-70.85H89.21c-21.28 0-32.87-22.5-19.28-37.31l134.8-146.5c10.4-11.3 28.22-11.3 38.62-.0033l134.9 146.5c13.62 14.81 2.001 37.31-19.28 37.31h-10.77l60.35 70.86c16.46 19.34 2.716 49.12-22.68 49.12h-15.2l68.98 79.59C458.7 413.7 443.1 447.1 413.8 447.1z\"><\/path><\/svg><\/div><div class=\"uagb-timeline__day-new uagb-timeline__day-left uagb-timeline__events-inner-new\"><div class=\"uagb-timeline__events-inner--content\"><div class=\"uagb-timeline__date-hide uagb-timeline__inner-date-new\">1948<\/div><h4 class=\"uagb-timeline__heading\"> Facultatea de \u015etiin\u0163e Naturale <\/h4><p class=\"uagb-timeline-desc-content\">Cu mul\u021bi ani mai t\u00e2rziu, \u00een 1948, sec\u021bia de \u0218tiin\u021be Naturale devine Facultatea de \u0218tiin\u021be Naturale \u00een cadrul c\u0103reia func\u021bioneaz\u0103 mai multe catedre (Botanic\u0103, Zoologie, Fiziologie vegetal\u0103, Fiziologie animal\u0103 \u0219i Geologie).<br><br><img loading=\"lazy\" decoding=\"async\" width=\"250\" height=\"154\" class=\"wp-image-186\" style=\"width: 250px;\" src=\"https:\/\/www.bio.uaic.ro\/wp-content\/uploads\/2019\/11\/corpb.jpg\" alt=\"\" srcset=\"https:\/\/www.bio.uaic.ro\/wp-content\/uploads\/2019\/11\/corpb.jpg 1600w, https:\/\/www.bio.uaic.ro\/wp-content\/uploads\/2019\/11\/corpb-300x184.jpg 300w, https:\/\/www.bio.uaic.ro\/wp-content\/uploads\/2019\/11\/corpb-768x472.jpg 768w, https:\/\/www.bio.uaic.ro\/wp-content\/uploads\/2019\/11\/corpb-1024x629.jpg 1024w\" sizes=\"auto, (max-width: 250px) 100vw, 250px\" \/><\/p><div class=\"uagb-timeline__arrow\"><\/div><\/div><\/div><div class=\"uagb-timeline__date-new\">1948<\/div><\/article>\n\n<article class=\"wp-block-uagb-content-timeline-child uagb-timeline__field uagb-timeline-child-577374ba-0928-4e1b-9ff2-400481bc5552 uagb-timeline__right uagb-timeline__field-wrap has-ek-typography\" style=\"\"><div class=\"uagb-timeline__marker out-view-uagb-timeline__icon\"><svg xmlns=\"https:\/\/www.w3.org\/2000\/svg\" viewbox=\"0 0 448 512\"><path d=\"M413.8 447.1L256 448l0 31.99C256 497.7 241.8 512 224.1 512c-17.67 0-32.1-14.32-32.1-31.99l0-31.99l-158.9-.0099c-28.5 0-43.69-34.49-24.69-56.4l68.98-79.59H62.22c-25.41 0-39.15-29.8-22.67-49.13l60.41-70.85H89.21c-21.28 0-32.87-22.5-19.28-37.31l134.8-146.5c10.4-11.3 28.22-11.3 38.62-.0033l134.9 146.5c13.62 14.81 2.001 37.31-19.28 37.31h-10.77l60.35 70.86c16.46 19.34 2.716 49.12-22.68 49.12h-15.2l68.98 79.59C458.7 413.7 443.1 447.1 413.8 447.1z\"><\/path><\/svg><\/div><div class=\"uagb-timeline__day-new uagb-timeline__day-right uagb-timeline__events-inner-new\"><div class=\"uagb-timeline__events-inner--content\"><div class=\"uagb-timeline__date-hide uagb-timeline__inner-date-new\">1959 &#8211; 1977<\/div><h4 class=\"uagb-timeline__heading\"> Facultatea de Biologie-Geografie <\/h4><p class=\"uagb-timeline-desc-content\"> \u00cen anul 1959, prin unirea colectivelor de cadre didactice care predau \u0218tiin\u021bele biologice cu cele care predau \u0219tiin\u021bele geografice s-a constituit Facultatea de \u0218tiin\u021be Naturale-Geografie, care \u00een 1963 devine Facultatea de Biologie-Geografie. Urmare a dezvolt\u0103rii Sec\u021biei de Geologie, \u00een 1977 Facultatea \u00ee\u0219i \u00eentrege\u0219te denumirea \u00een cadrul studierii \u0218tiin\u021belor Naturii devenind Facultatea de Biologie-Geografie-Geologie. <br><br><img loading=\"lazy\" decoding=\"async\" width=\"250\" height=\"159\" class=\"wp-image-10220\" style=\"width: 250px;\" src=\"https:\/\/www.bio.uaic.ro\/wp-content\/uploads\/2021\/11\/uaicds.jpg\" alt=\"\" srcset=\"https:\/\/www.bio.uaic.ro\/wp-content\/uploads\/2021\/11\/uaicds.jpg 700w, https:\/\/www.bio.uaic.ro\/wp-content\/uploads\/2021\/11\/uaicds-300x191.jpg 300w\" sizes=\"auto, (max-width: 250px) 100vw, 250px\" \/><\/p><div class=\"uagb-timeline__arrow\"><\/div><\/div><\/div><div class=\"uagb-timeline__date-new\">1959 &#8211; 1977<\/div><\/article>\n\n<article class=\"wp-block-uagb-content-timeline-child uagb-timeline__field uagb-timeline-child-a823eedc-73a4-496f-88b3-cdff7aa62446 uagb-timeline__left uagb-timeline__field-wrap has-ek-typography\" style=\"\"><div class=\"uagb-timeline__marker out-view-uagb-timeline__icon\"><svg xmlns=\"https:\/\/www.w3.org\/2000\/svg\" viewbox=\"0 0 448 512\"><path d=\"M413.8 447.1L256 448l0 31.99C256 497.7 241.8 512 224.1 512c-17.67 0-32.1-14.32-32.1-31.99l0-31.99l-158.9-.0099c-28.5 0-43.69-34.49-24.69-56.4l68.98-79.59H62.22c-25.41 0-39.15-29.8-22.67-49.13l60.41-70.85H89.21c-21.28 0-32.87-22.5-19.28-37.31l134.8-146.5c10.4-11.3 28.22-11.3 38.62-.0033l134.9 146.5c13.62 14.81 2.001 37.31-19.28 37.31h-10.77l60.35 70.86c16.46 19.34 2.716 49.12-22.68 49.12h-15.2l68.98 79.59C458.7 413.7 443.1 447.1 413.8 447.1z\"><\/path><\/svg><\/div><div class=\"uagb-timeline__day-new uagb-timeline__day-left uagb-timeline__events-inner-new\"><div class=\"uagb-timeline__events-inner--content\"><div class=\"uagb-timeline__date-hide uagb-timeline__inner-date-new\">1990<\/div><h4 class=\"uagb-timeline__heading\"> Facultatea de Biologie <\/h4><p class=\"uagb-timeline-desc-content\">\u00cen anul 1990 s-a constituit Facultatea de Biologie.<br><br><img loading=\"lazy\" decoding=\"async\" width=\"250\" height=\"187\" class=\"wp-image-2045\" style=\"width: 250px;\" src=\"https:\/\/www.bio.uaic.ro\/wp-content\/uploads\/2021\/02\/IMG_20200326_130349-1024x756-2.jpg\" alt=\"\"><\/p><div class=\"uagb-timeline__arrow\"><\/div><\/div><\/div><div class=\"uagb-timeline__date-new\">1990<\/div><\/article><div class=\"uagb-timeline__line\"><div class=\"uagb-timeline__line__inner\"><\/div><\/div><\/div>\n\n<div class=\"wp-block-uagb-info-box uagb-block-e5024d3e uagb-infobox__content-wrap  uagb-infobox-icon-above-title uagb-infobox-image-valign-top uagb-infobox__outer-wrap has-ek-typography\" style=\"\"><div class=\"uagb-ifb-content\"><div class=\"uagb-ifb-icon-wrap\"><svg xmlns=\"https:\/\/www.w3.org\/2000\/svg\" viewbox=\"0 0 448 512\"><path d=\"M413.8 447.1L256 448l0 31.99C256 497.7 241.8 512 224.1 512c-17.67 0-32.1-14.32-32.1-31.99l0-31.99l-158.9-.0099c-28.5 0-43.69-34.49-24.69-56.4l68.98-79.59H62.22c-25.41 0-39.15-29.8-22.67-49.13l60.41-70.85H89.21c-21.28 0-32.87-22.5-19.28-37.31l134.8-146.5c10.4-11.3 28.22-11.3 38.62-.0033l134.9 146.5c13.62 14.81 2.001 37.31-19.28 37.31h-10.77l60.35 70.86c16.46 19.34 2.716 49.12-22.68 49.12h-15.2l68.98 79.59C458.7 413.7 443.1 447.1 413.8 447.1z\"><\/path><\/svg><\/div><div class=\"uagb-ifb-title-wrap\"><h3 class=\"uagb-ifb-title\">\u00cen prezent<\/h3><\/div><p class=\"uagb-ifb-desc\"> Activitatea de cercetare cuprinde un spectru foarte larg, \u00een func\u021bie de specializ\u0103rile existente. Se efectueaz\u0103 cercetari moderne fundamentale \u0219i aplicative \u00een domenii ca: biodiversitate, biotehnologii moderne, ecologie \u0219i protec\u021bia mediului, combaterea integrat\u0103 \u0219i biologic\u0103 a d\u0103unatorilor, genetic\u0103, biochimie, biofizic\u0103, biologie celular\u0103, anatomie, citologie, histologie, fiziologie vegetal\u0103 \u0219i animal\u0103 etc. Facultatea de Biologie asigur\u0103 coordonarea activit\u0103\u021bii \u0219tiin\u021bifice pentru unele institu\u021bii conexe care apar\u021bin Universit\u0103\u021bii &#8222;Alexandru Ioan Cuza&#8221; Ia\u0219i. <br>\u00cen acest context, func\u021bia de director al acestor institu\u021bii este ocupat\u0103 de c\u0103tre cadre didactice titulare ale Facult\u0103\u021bii de Biologie: <\/p><\/div><\/div>\n\n<ul class=\"wp-block-list is-style-none has-ek-typography\" style=\"\"><li class=\" has-ek-typography\" style=\"\"><a rel=\"noreferrer noopener\" href=\"https:\/\/statiunea-agigea.uaic.ro\/\" target=\"_blank\" class=\"ek-link\"><strong>Sta\u021biunea Biologic\u0103 Marin\u0103 &#8222;Prof. Ioan Borcea&#8221; Agigea (Constan\u0163a):<\/strong><\/a><ul class=\"wp-block-list has-ek-typography\" style=\"\"><li class=\" has-ek-typography\" style=\"\"><em>Director: CS III Dr. Emanuel \u0218tefan Baltag<\/em><strong> <\/strong>\u2013 Coordonator Sta\u021biune de Cercetare<\/li><\/ul><\/li>\n\n<li class=\" has-ek-typography\" style=\"\"><a href=\"https:\/\/botanica.uaic.ro\/\" target=\"_blank\" rel=\"noreferrer noopener\"><strong>Gr\u0103dina Botanic\u0103 &#8222;Anastasie F\u0103tu&#8221; Ia\u0219i:<\/strong><\/a><ul class=\"wp-block-list has-ek-typography\" style=\"\"><li class=\" has-ek-typography\" style=\"\"><em>Director: Prof. univ. dr. C\u0103t\u0103lin T\u0103nase<\/em>;<\/li><\/ul><\/li>\n\n<li class=\" has-ek-typography\" style=\"\"><strong><a href=\"https:\/\/www.bio.uaic.ro\/?page_id=6519\" target=\"_blank\" rel=\"noreferrer noopener\">Muzeul de Istorie Natural\u0103 Ia\u0219i:<\/a><\/strong><ul class=\"wp-block-list has-ek-typography\" style=\"\"><li class=\" has-ek-typography\" style=\"\"><em>Director: Prof univ. dr. Remus \u0218tefan Zamfirescu<\/em><strong>;<\/strong><\/li><\/ul><\/li>\n\n<li class=\" has-ek-typography\" style=\"\"><a href=\"https:\/\/www.uaic.ro\/organizare\/statiunea-biologica-petre-jitariu-potoci-neamt\/\" target=\"_blank\" rel=\"noreferrer noopener\"><strong>Sta\u021biunea Biologic\u0103 &#8222;Petre Jitariu&#8221; Neam\u021b:<\/strong><\/a><ul class=\"wp-block-list has-ek-typography\" style=\"\"><li class=\" has-ek-typography\" style=\"\"><em>Director: Conf. univ. dr. Ioan Bogdan Robu<\/em>.<\/li><\/ul><\/li><\/ul>\n\n<p class=\"has-text-align-center has-ek-typography\" style=\"\">Astfel, baza material\u0103 a Facult\u0103\u021bii din Ia\u0219i este dezvoltat\u0103 prin existen\u021ba sta\u021biunilor de cercetare de la Agigea (Marea Neagr\u0103), Potoci (Bicaz) \u0219i Piatra Neam\u021b, prin Gradina Botanic\u0103, Muzeul de Istorie Natural\u0103 (primul din \u021a\u0103rile Rom\u00e2ne) \u0219i un HERBARIUM foarte bogat \u00een specii de plante. Facultatea formeaz\u0103 \u0219i speciali\u0219ti care pot desf\u0103\u0219ura activit\u0103\u021bi \u00een diferite domenii: \u00eentreprinderi care folosesc biotehnologii (fabrici de antibiotice, fabrici de industrializare a laptelui, a produselor alcoolice, vinuri, bere etc.), \u00een spitale sau \u00een domenii ecologice \u0219i de protec\u021bie a mediului. Facultatea are rela\u021bii cu numeroase universit\u0103\u021bi din Europa, cu care realizeaz\u0103 schimburi de studen\u021bi \u0219i de cadre didactice.<\/p>","protected":false},"excerpt":{"rendered":"<p>Astfel, baza material\u0103 a Facult\u0103\u021bii din Ia\u0219i este dezvoltat\u0103 prin existen\u021ba sta\u021biunilor de cercetare de la Agigea (Marea Neagr\u0103), Potoci (Bicaz) \u0219i Piatra Neam\u021b, prin Gradina Botanic\u0103, Muzeul de Istorie Natural\u0103 (primul din \u021a\u0103rile Rom\u00e2ne) \u0219i un HERBARIUM foarte bogat \u00een specii de plante. Facultatea formeaz\u0103 \u0219i speciali\u0219ti care pot desf\u0103\u0219ura activit\u0103\u021bi \u00een diferite domenii:&hellip; <br \/> <a class=\"read-more\" href=\"https:\/\/www.bio.uaic.ro\/?page_id=482\">Cite\u0219te mai mult<\/a><\/p>\n","protected":false},"author":1,"featured_media":0,"parent":459,"menu_order":0,"comment_status":"closed","ping_status":"closed","template":"page-templates\/page-with-right-sidebar.php","meta":{"_editorskit_title_hidden":false,"_editorskit_reading_time":1,"_editorskit_is_block_options_detached":false,"_editorskit_block_options_position":"{}","_editorskit_typography_data":[],"_editorskit_blocks_typography":"","_uag_custom_page_level_css":"","footnotes":""},"class_list":["post-482","page","type-page","status-publish","hentry"],"featured_image_src":null,"uagb_featured_image_src":{"full":false,"thumbnail":false,"medium":false,"medium_large":false,"large":false,"1536x1536":false,"2048x2048":false,"post-thumbnail":false,"mesmerize-full-hd":false},"uagb_author_info":{"display_name":"admin","author_link":"https:\/\/www.bio.uaic.ro\/?author=1"},"uagb_comment_info":0,"uagb_excerpt":"Astfel, baza material\u0103 a Facult\u0103\u021bii din Ia\u0219i este dezvoltat\u0103 prin existen\u021ba sta\u021biunilor de cercetare de la Agigea (Marea Neagr\u0103), Potoci (Bicaz) \u0219i Piatra Neam\u021b, prin Gradina Botanic\u0103, Muzeul de Istorie Natural\u0103 (primul din \u021a\u0103rile Rom\u00e2ne) \u0219i un HERBARIUM foarte bogat \u00een specii de plante. Facultatea formeaz\u0103 \u0219i speciali\u0219ti care pot desf\u0103\u0219ura activit\u0103\u021bi \u00een diferite domenii:&hellip;&hellip;","_links":{"self":[{"href":"https:\/\/www.bio.uaic.ro\/index.php?rest_route=\/wp\/v2\/pages\/482","targetHints":{"allow":["GET"]}}],"collection":[{"href":"https:\/\/www.bio.uaic.ro\/index.php?rest_route=\/wp\/v2\/pages"}],"about":[{"href":"https:\/\/www.bio.uaic.ro\/index.php?rest_route=\/wp\/v2\/types\/page"}],"author":[{"embeddable":true,"href":"https:\/\/www.bio.uaic.ro\/index.php?rest_route=\/wp\/v2\/users\/1"}],"replies":[{"embeddable":true,"href":"https:\/\/www.bio.uaic.ro\/index.php?rest_route=%2Fwp%2Fv2%2Fcomments&post=482"}],"version-history":[{"count":181,"href":"https:\/\/www.bio.uaic.ro\/index.php?rest_route=\/wp\/v2\/pages\/482\/revisions"}],"predecessor-version":[{"id":21841,"href":"https:\/\/www.bio.uaic.ro\/index.php?rest_route=\/wp\/v2\/pages\/482\/revisions\/21841"}],"up":[{"embeddable":true,"href":"https:\/\/www.bio.uaic.ro\/index.php?rest_route=\/wp\/v2\/pages\/459"}],"wp:attachment":[{"href":"https:\/\/www.bio.uaic.ro\/index.php?rest_route=%2Fwp%2Fv2%2Fmedia&parent=482"}],"curies":[{"name":"wp","href":"https:\/\/api.w.org\/{rel}","templated":true}]}}