{"id":4095,"date":"2021-03-30T11:51:19","date_gmt":"2021-03-30T08:51:19","guid":{"rendered":"http:\/\/85.122.19.109\/?page_id=4095"},"modified":"2023-12-12T15:14:04","modified_gmt":"2023-12-12T13:14:04","slug":"prof-univ-dr-catalin-tanase","status":"publish","type":"page","link":"https:\/\/www.bio.uaic.ro\/?page_id=4095","title":{"rendered":"Prof. univ. dr. C\u0103t\u0103lin T\u0103nase"},"content":{"rendered":"<div class=\"wp-block-group has-ek-typography\" style=\"\"><div class=\"wp-block-group__inner-container is-layout-flow wp-block-group-is-layout-flow\"><div class=\"wp-block-columns is-layout-flex wp-container-core-columns-is-layout-9d6595d7 wp-block-columns-is-layout-flex has-ek-typography\" style=\"\"><div class=\"wp-block-column is-layout-flow wp-block-column-is-layout-flow has-ek-typography\" style=\"flex-basis:33.33%\"><div class=\"wp-block-group has-ek-typography\" style=\"\"><div class=\"wp-block-group__inner-container is-layout-flow wp-block-group-is-layout-flow\"><div class=\"wp-block-image is-style-rounded\"><figure class=\"aligncenter size-large is-resized has-ek-typography\" style=\"\"><img loading=\"lazy\" decoding=\"async\" width=\"1024\" height=\"1024\" src=\"https:\/\/www.bio.uaic.ro\/wp-content\/uploads\/2021\/03\/Tanase-Catalin-1-1024x1024.jpg\" alt=\"\" class=\"wp-image-3506\" style=\"width:180px;height:180px\" srcset=\"https:\/\/www.bio.uaic.ro\/wp-content\/uploads\/2021\/03\/Tanase-Catalin-1-1024x1024.jpg 1024w, https:\/\/www.bio.uaic.ro\/wp-content\/uploads\/2021\/03\/Tanase-Catalin-1-300x300.jpg 300w, https:\/\/www.bio.uaic.ro\/wp-content\/uploads\/2021\/03\/Tanase-Catalin-1-150x150.jpg 150w, https:\/\/www.bio.uaic.ro\/wp-content\/uploads\/2021\/03\/Tanase-Catalin-1-768x768.jpg 768w, https:\/\/www.bio.uaic.ro\/wp-content\/uploads\/2021\/03\/Tanase-Catalin-1-1536x1536.jpg 1536w, https:\/\/www.bio.uaic.ro\/wp-content\/uploads\/2021\/03\/Tanase-Catalin-1-2048x2048.jpg 2048w, https:\/\/www.bio.uaic.ro\/wp-content\/uploads\/2021\/03\/Tanase-Catalin-1-1080x1080.jpg 1080w\" sizes=\"auto, (max-width: 1024px) 100vw, 1024px\" \/><\/figure><\/div><\/div><\/div><\/div>\n\n<div class=\"wp-block-column is-layout-flow wp-block-column-is-layout-flow has-ek-typography\" style=\"flex-basis:66.66%\"><h3 class=\"wp-block-heading has-text-align-left has-ek-typography\" style=\"\"><span style=\"background-color:rgba(0, 0, 0, 0);color:#0e5820\" class=\"has-inline-color\">Domenii de competen\u021b\u0103<\/span><\/h3>\n\n<p class=\" has-ek-typography\" style=\"\"><strong><span class=\"has-inline-color has-black-color\"><strong>Biologie vegetal\u0103 \u0219i micologie<\/strong> <\/span><\/strong><br>UAIC, Corp B, Etaj I, B441<br>Tel: 0232\/201102 &#8211; int.<strong>1563<\/strong><br>e-mail: <a rel=\"noreferrer noopener\" href=\"mailto:tanase@uaic.ro\" data-type=\"mailto\" target=\"_blank\">tanase@uaic.ro<\/a><\/p><\/div><\/div><\/div><\/div>\n\n<h3 class=\"wp-block-heading has-text-align-left has-ek-typography\" style=\"\"><span style=\"background-color:rgba(0, 0, 0, 0);color:#0e5820\" class=\"has-inline-color\">Teme de cercetare<\/span><\/h3>\n\n<p class=\"has-text-align-justify has-ek-typography\" style=\"\"><strong>Studiul unor specii de fungi cu rol \u00een biocontrolul patogenilor<\/strong> prin selec\u021bia unor specii izolate din habitate naturale, optimizarea mediilor de cultur\u0103, testarea condi\u021biilor optime de ac\u021biune in vitro pentru eficientizarea procesului de biocontrol \u0219i screeningul mecanismelor biologice \u0219i biochimice prin analize specifice de microscopie \u0219i cromatografie. Rezultatele cercet\u0103rilor vizeaz\u0103 identificarea unor noi bioresurse \u0219i a unor noi compu\u0219i organici ca metode alternative \u00een combaterea patogenilor.<\/p>\n\n<p class=\"has-text-align-justify has-ek-typography\" style=\"\"><strong>Biotehnologia, fitochimia \u015fi valorificarea sustenabil\u0103 a resurselor vegetale<\/strong> prin studiul diversit\u0103\u021bii fitochimice in vivo \u0219i in vitro a unor popula\u021bii naturale, dezvoltarea unor culturi de \u021besuturi \u0219i celule vegetale in vitro, prin izolarea \u0219i propagarea unor chemotipuri, respectiv producerea de principii biologic active prin metode biotehnologice. Rezultatele cercet\u0103rilor vizeaz\u0103 at\u00e2t conservarea resurselor de germoplasm\u0103, c\u00e2t \u015fi valorificarea sustenabil\u0103, prin certificarea calit\u0103\u0163ii materialului vegetal.<\/p>\n\n<h3 class=\"wp-block-heading has-text-align-left has-ek-typography\" style=\"\"><span style=\"background-color:rgba(0, 0, 0, 0);color:#0e5820\" class=\"has-inline-color\">Proiecte de cercetare<\/span><\/h3>\n\n<p class=\" has-ek-typography\" style=\"\">1. Proiect PN-II-PT-PCCA-2013-4 nr. 74\/2014: <strong>Dezvoltarea unui model func\u0163ional de valorificare sustenabil\u0103 a diversit\u0103\u0163ii genetice \u015fi fitochimice a popula\u0163iilor naturale de\u00a0<em>Arnica montana<\/em>\u00a0L. din nordul Carpa\u0163ilor Orientali.<\/strong><\/p>\n\n<p class=\" has-ek-typography\" style=\"\">2. Proiect P\u2013CD, Program CEEX\u2013BIOTECH nr. 128\/2008: <strong>Reconstruc\u021bia ecologic\u0103 prin procedee de micoremediere a solurilor degradate de activit\u0103\u0163ile miniere.<\/strong><\/p>\n\n<h3 class=\"wp-block-heading has-text-align-left has-ek-typography\" style=\"\"><span style=\"background-color:rgba(0, 0, 0, 0);color:#0e5820\" class=\"has-inline-color\">Publica\u021bii<\/span><\/h3>\n\n<p class=\" has-ek-typography\" style=\"\">1. Apetrei R.M., Carac G., Ramanaviciene A., Bahrim G.,\u00a0<strong>T\u0103nase C<\/strong>., Ramanavicius A., 2019 &#8211; <strong>Cell-assisted synthesis of conducting polymer \u2013 polypyrrole \u2013 for the improvement of electric charge transfer through fungal cell wall.<\/strong> Colloid and Surfaces B: Biointerfaces, 175: 671-679.<\/p>\n\n<p class=\" has-ek-typography\" style=\"\">2. Balaes T., Petre C.V., Ungureanu C., Mardari C.,\u00a0<strong>T\u0103nase C<\/strong>., 2017 &#8211; <strong>Ligninolytic enzyme system in ecological adaptation of lignicolous macrofungi. <\/strong>Applied Ecology And Environmental Research, 15(1): 207-224.<\/p>\n\n<h3 class=\"wp-block-heading has-text-align-left has-ek-typography\" style=\"\"><span style=\"background-color:rgba(0, 0, 0, 0);color:#0e5820\" class=\"has-inline-color\">Premii<\/span><\/h3>\n\n<p class=\" has-ek-typography\" style=\"\"><strong>Premiul\u00a0<em>Emanoil Teodorescu<\/em>\u00a0<\/strong>al Academiei Rom\u00e2ne, 2008, pentru volumul\u00a0<em><strong>Concepte actuale \u00een taxonomia ciupercilor<\/strong><\/em><\/p>\n\n<div class=\"wp-block-group has-ek-typography\" style=\"\"><div class=\"wp-block-group__inner-container is-layout-flow wp-block-group-is-layout-flow\"><\/div><\/div>","protected":false},"excerpt":{"rendered":"<p>Domenii de competen\u021b\u0103 Biologie vegetal\u0103 \u0219i micologie UAIC, Corp B, Etaj I, B441Tel: 0232\/201102 &#8211; int.1563e-mail: tanase@uaic.ro Teme de cercetare Studiul unor specii de fungi cu rol \u00een biocontrolul patogenilor prin selec\u021bia unor specii izolate din habitate naturale, optimizarea mediilor de cultur\u0103, testarea condi\u021biilor optime de ac\u021biune in vitro pentru eficientizarea procesului de biocontrol \u0219i&hellip; <br \/> <a class=\"read-more\" href=\"https:\/\/www.bio.uaic.ro\/?page_id=4095\">Cite\u0219te mai mult<\/a><\/p>\n","protected":false},"author":1,"featured_media":0,"parent":0,"menu_order":0,"comment_status":"closed","ping_status":"closed","template":"page-templates\/page-with-right-sidebar.php","meta":{"_editorskit_title_hidden":false,"_editorskit_reading_time":1,"_editorskit_is_block_options_detached":false,"_editorskit_block_options_position":"{}","_editorskit_typography_data":[],"_editorskit_blocks_typography":"","_uag_custom_page_level_css":"","footnotes":""},"class_list":["post-4095","page","type-page","status-publish","hentry"],"featured_image_src":null,"uagb_featured_image_src":{"full":false,"thumbnail":false,"medium":false,"medium_large":false,"large":false,"1536x1536":false,"2048x2048":false,"post-thumbnail":false,"mesmerize-full-hd":false},"uagb_author_info":{"display_name":"admin","author_link":"https:\/\/www.bio.uaic.ro\/?author=1"},"uagb_comment_info":0,"uagb_excerpt":"Domenii de competen\u021b\u0103 Biologie vegetal\u0103 \u0219i micologie UAIC, Corp B, Etaj I, B441Tel: 0232\/201102 &#8211; int.1563e-mail: tanase@uaic.ro Teme de cercetare Studiul unor specii de fungi cu rol \u00een biocontrolul patogenilor prin selec\u021bia unor specii izolate din habitate naturale, optimizarea mediilor de cultur\u0103, testarea condi\u021biilor optime de ac\u021biune in vitro pentru eficientizarea procesului de biocontrol \u0219i&hellip;&hellip;","_links":{"self":[{"href":"https:\/\/www.bio.uaic.ro\/index.php?rest_route=\/wp\/v2\/pages\/4095","targetHints":{"allow":["GET"]}}],"collection":[{"href":"https:\/\/www.bio.uaic.ro\/index.php?rest_route=\/wp\/v2\/pages"}],"about":[{"href":"https:\/\/www.bio.uaic.ro\/index.php?rest_route=\/wp\/v2\/types\/page"}],"author":[{"embeddable":true,"href":"https:\/\/www.bio.uaic.ro\/index.php?rest_route=\/wp\/v2\/users\/1"}],"replies":[{"embeddable":true,"href":"https:\/\/www.bio.uaic.ro\/index.php?rest_route=%2Fwp%2Fv2%2Fcomments&post=4095"}],"version-history":[{"count":10,"href":"https:\/\/www.bio.uaic.ro\/index.php?rest_route=\/wp\/v2\/pages\/4095\/revisions"}],"predecessor-version":[{"id":18113,"href":"https:\/\/www.bio.uaic.ro\/index.php?rest_route=\/wp\/v2\/pages\/4095\/revisions\/18113"}],"wp:attachment":[{"href":"https:\/\/www.bio.uaic.ro\/index.php?rest_route=%2Fwp%2Fv2%2Fmedia&parent=4095"}],"curies":[{"name":"wp","href":"https:\/\/api.w.org\/{rel}","templated":true}]}}