{"id":3305,"date":"2021-03-18T13:42:45","date_gmt":"2021-03-18T11:42:45","guid":{"rendered":"http:\/\/85.122.19.109\/?page_id=3305"},"modified":"2025-07-12T09:15:46","modified_gmt":"2025-07-12T06:15:46","slug":"laborator-medical","status":"publish","type":"page","link":"https:\/\/www.bio.uaic.ro\/?page_id=3305","title":{"rendered":"Laborator Medical"},"content":{"rendered":"<figure class=\"wp-block-image size-large has-ek-typography\" style=\"\"><img loading=\"lazy\" decoding=\"async\" width=\"728\" height=\"1024\" src=\"https:\/\/www.bio.uaic.ro\/wp-content\/uploads\/2025\/07\/Afis-Admitere-Laborator-medical-2025-728x1024.jpg\" alt=\"\" class=\"wp-image-22998\" srcset=\"https:\/\/www.bio.uaic.ro\/wp-content\/uploads\/2025\/07\/Afis-Admitere-Laborator-medical-2025-728x1024.jpg 728w, https:\/\/www.bio.uaic.ro\/wp-content\/uploads\/2025\/07\/Afis-Admitere-Laborator-medical-2025-213x300.jpg 213w, https:\/\/www.bio.uaic.ro\/wp-content\/uploads\/2025\/07\/Afis-Admitere-Laborator-medical-2025-768x1080.jpg 768w, https:\/\/www.bio.uaic.ro\/wp-content\/uploads\/2025\/07\/Afis-Admitere-Laborator-medical-2025-1092x1536.jpg 1092w, https:\/\/www.bio.uaic.ro\/wp-content\/uploads\/2025\/07\/Afis-Admitere-Laborator-medical-2025-1456x2048.jpg 1456w, https:\/\/www.bio.uaic.ro\/wp-content\/uploads\/2025\/07\/Afis-Admitere-Laborator-medical-2025-1024x1440.jpg 1024w, https:\/\/www.bio.uaic.ro\/wp-content\/uploads\/2025\/07\/Afis-Admitere-Laborator-medical-2025-scaled.jpg 1820w\" sizes=\"auto, (max-width: 728px) 100vw, 728px\" \/><\/figure>\n\n<div style=\"height:100px\" aria-hidden=\"true\" class=\"wp-block-spacer has-ek-typography\"><\/div>\n\n<p class=\"has-text-align-justify has-ek-typography\" style=\"\">Programul de studii universitare de masterat <strong><em>Laborator medical<\/em><\/strong> a fost \u00eenfiin\u021bat \u00een anul 2020, fiind orientat preponderent spre formarea \u0219i dezvoltarea competen\u021belor profesionale \u00een domeniul laboratorului de diagnostic biomedical. Programul de studii se adreseaz\u0103 \u00een primul r\u00e2nd absolven\u0163ilor Facult\u0103\u021bilor de Biologie, Chimie, dar \u0219i Farmacie, Medicin\u0103 uman\u0103 \u0219i veterinar\u0103, care \u00ee\u015fi doresc s\u0103 urmeze o carier\u0103 \u00een domeniul laboratorului de analize medicale sau \u00een cercetarea biomedical\u0103. \u00cen egal\u0103 m\u0103sur\u0103 \u00eens\u0103, programul de studii se adreseaz\u0103 speciali\u0219tilor din domeniul laboratorului medical care doresc s\u0103 aprofundeze \u0219i s\u0103 completeze cuno\u0219tin\u021bele dob\u00e2ndite anterior, urm\u00e2nd principiile form\u0103rii continue, pentru o mai bun\u0103 adaptare la noile cerin\u0163e de pe pia\u0163a muncii.<\/p>\n\n<p class=\"has-text-align-justify has-ek-typography\" style=\"\"><strong><em>Misiunea<\/em> <\/strong>programului de studii universitare de masterat <strong><em>Laborator medical<\/em><\/strong> este de a preg\u0103ti viitorii speciali\u015fti (biologi, biochimi\u015fti) \u00een domeniul biologiei medicale care, pe baza competen\u021belor profesionale dob\u00e2ndite, s\u0103 activeze \u00een cadrul laboratoarelor de diagnostic medical \u0219i de cercetare \u0219tiin\u021bific\u0103 biomedical\u0103 cu \u00eendeplinirea cerin\u0163elor pentru calitate \u0219i competen\u021b\u0103 ale standardului na\u0163ional \u015fi interna\u0163ional aplicabil laboratoarelor medicale.<\/p>\n\n\n<p><em><strong>Coordonatele principale<\/strong><\/em> ale acestui program sunt:<\/p>\n\n\n<ul class=\"wp-block-list has-ek-typography\" style=\"\"><li class=\" has-ek-typography\" style=\"\">cre\u015fterea nivelului de preg\u0103tire profesional\u0103 a absolven\u021bilor;<\/li>\n\n<li class=\" has-ek-typography\" style=\"\">stimularea adaptabilit\u0103\u021bii \u0219i competitivit\u0103\u021bii absolven\u021bilor la cerin\u0163ele social-economice actuale;<\/li>\n\n\n<li>implicarea activ\u0103 a tinerilor \u00een identificarea \u015fi solu\u0163ionarea unor probleme actuale specifice domeniului biomedical;<\/li>\n\n\n\n<li>accentuarea caracterului aplicativ al procesului de \u00eenv\u0103\u0163\u0103m\u00e2nt;<\/li>\n\n\n\n<li>stimularea autoperfec\u0163ion\u0103rii permanente.<\/li>\n<\/ul>\n\n\n<p class=\"has-text-align-justify\"><strong><em>Obiectivul general<\/em> <\/strong>al programului <strong><em>Laborator medical<\/em><\/strong> este de a asigura absolven\u021bilor \u00eensu\u0219irea \u0219i dezvoltarea de cuno\u0219tin\u021be, abilit\u0103\u021bi, competen\u021be, atitudini \u0219i comportamente specifice laboratorului de analize medicale, \u00een concordan\u021b\u0103 cu necesit\u0103\u021bile actuale \u0219i de perspectiv\u0103 ale societ\u0103\u021bii, cu nivelul de specialitate clinic, \u0219tiin\u021bific \u0219i de practic\u0103 profesional\u0103 impus de standardele europene.<\/p>\n\n\n\n<p class=\"has-text-align-justify\">Prin structura sa, programul de studii <strong><em>Laborator medical<\/em><\/strong> \u00eentrune\u015fte atributele actualit\u0103\u0163ii, utilit\u0103\u0163ii \u015fi conform\u0103rii la curentul de evolu\u0163ie a sistemelor de instruc\u0163ie \u015fi educa\u0163ie, de toate nivelurile, din Rom\u00e2nia \u015fi din Uniunea European\u0103. Planul de \u00eenv\u0103\u021b\u0103m\u00e2nt este \u00een conformitate cu condi\u021biile prev\u0103zute \u00een EFLM European Syllabus 2018. O prioritate \u00een cadrul programului de studii o reprezint\u0103 introducerea de discipline moderne, similare celor care stau la baza procesului instructiv educativ din cele mai renumite universit\u0103\u0163i, pentru actualizarea cuno\u015ftin\u0163elor de Imunologie \u0219i Imunohistochimie, Biologie molecular\u0103, Bacteriologie medical\u0103, Virusologie, Hematologie, Parazitologie medical\u0103, Micologie medical\u0103, Biochimie clinic\u0103, Genetic\u0103, Managementul calit\u0103\u021bii etc.<\/p>\n\n\n\n<p><strong>Posibilit\u0103\u0163i de angajare pentru absolven\u0163i<\/strong>:<\/p>\n\n\n<ul class=\"wp-block-list has-ek-typography\" style=\"\">\n<li>laboratoare de analize bio-medicale;<\/li>\n\n\n\n<li>centre de cercetare bio-medical\u0103<\/li>\n\n\n\n<li>laboratoare de cercetare din \u00eenv\u0103\u0163\u0103m\u00e2ntul superior;<\/li>\n\n\n\n<li>direc\u021bii de s\u0103n\u0103tate public\u0103.<\/li>\n<\/ul>\n\n<p class=\" has-ek-typography\" style=\"\"><strong>COMISIA PENTRU ELABORAREA\/ REVIZUIREA PLANURILOR DE \u00ceNV\u0102\u0162\u0102M\u00c2NT PROGRAME DE STUDII<\/strong><\/p>\n\n\n<ul class=\"wp-block-list\">\n<li>Prof. dr. habil. Marius \u015eTEFAN &#8211; Responsabil<\/li>\n\n\n\n<li>Prof. dr. Simona Isabela DUNCA &#8211; Responsabil<\/li>\n\n\n\n<li>\u015eef Iucr. dr. Elena TODIRA\u015eCU-CIORNEA<\/li>\n\n\n\n<li>Conf. dr. Naela COSTIC\u0102<\/li>\n<\/ul>\n","protected":false},"excerpt":{"rendered":"<p>Programul de studii universitare de masterat Laborator medical a fost \u00eenfiin\u021bat \u00een anul 2020, fiind orientat preponderent spre formarea \u0219i dezvoltarea competen\u021belor profesionale \u00een domeniul laboratorului de diagnostic biomedical. Programul de studii se adreseaz\u0103 \u00een primul r\u00e2nd absolven\u0163ilor Facult\u0103\u021bilor de Biologie, Chimie, dar \u0219i Farmacie, Medicin\u0103 uman\u0103 \u0219i veterinar\u0103, care \u00ee\u015fi doresc s\u0103 urmeze o&hellip; <br \/> <a class=\"read-more\" href=\"https:\/\/www.bio.uaic.ro\/?page_id=3305\">Cite\u0219te mai mult<\/a><\/p>\n","protected":false},"author":1,"featured_media":0,"parent":0,"menu_order":0,"comment_status":"closed","ping_status":"closed","template":"page-templates\/page-with-right-sidebar.php","meta":{"_editorskit_title_hidden":false,"_editorskit_reading_time":2,"_editorskit_is_block_options_detached":false,"_editorskit_block_options_position":"{}","_editorskit_typography_data":[],"_editorskit_blocks_typography":"","_uag_custom_page_level_css":"","footnotes":""},"class_list":["post-3305","page","type-page","status-publish","hentry"],"featured_image_src":null,"uagb_featured_image_src":{"full":false,"thumbnail":false,"medium":false,"medium_large":false,"large":false,"1536x1536":false,"2048x2048":false,"post-thumbnail":false,"mesmerize-full-hd":false},"uagb_author_info":{"display_name":"admin","author_link":"https:\/\/www.bio.uaic.ro\/?author=1"},"uagb_comment_info":0,"uagb_excerpt":"Programul de studii universitare de masterat Laborator medical a fost \u00eenfiin\u021bat \u00een anul 2020, fiind orientat preponderent spre formarea \u0219i dezvoltarea competen\u021belor profesionale \u00een domeniul laboratorului de diagnostic biomedical. Programul de studii se adreseaz\u0103 \u00een primul r\u00e2nd absolven\u0163ilor Facult\u0103\u021bilor de Biologie, Chimie, dar \u0219i Farmacie, Medicin\u0103 uman\u0103 \u0219i veterinar\u0103, care \u00ee\u015fi doresc s\u0103 urmeze o&hellip;&hellip;","_links":{"self":[{"href":"https:\/\/www.bio.uaic.ro\/index.php?rest_route=\/wp\/v2\/pages\/3305","targetHints":{"allow":["GET"]}}],"collection":[{"href":"https:\/\/www.bio.uaic.ro\/index.php?rest_route=\/wp\/v2\/pages"}],"about":[{"href":"https:\/\/www.bio.uaic.ro\/index.php?rest_route=\/wp\/v2\/types\/page"}],"author":[{"embeddable":true,"href":"https:\/\/www.bio.uaic.ro\/index.php?rest_route=\/wp\/v2\/users\/1"}],"replies":[{"embeddable":true,"href":"https:\/\/www.bio.uaic.ro\/index.php?rest_route=%2Fwp%2Fv2%2Fcomments&post=3305"}],"version-history":[{"count":19,"href":"https:\/\/www.bio.uaic.ro\/index.php?rest_route=\/wp\/v2\/pages\/3305\/revisions"}],"predecessor-version":[{"id":22999,"href":"https:\/\/www.bio.uaic.ro\/index.php?rest_route=\/wp\/v2\/pages\/3305\/revisions\/22999"}],"wp:attachment":[{"href":"https:\/\/www.bio.uaic.ro\/index.php?rest_route=%2Fwp%2Fv2%2Fmedia&parent=3305"}],"curies":[{"name":"wp","href":"https:\/\/api.w.org\/{rel}","templated":true}]}}