{"id":3242,"date":"2021-03-18T09:56:08","date_gmt":"2021-03-18T07:56:08","guid":{"rendered":"http:\/\/85.122.19.109\/?page_id=3242"},"modified":"2024-02-27T08:47:27","modified_gmt":"2024-02-27T06:47:27","slug":"evenimente","status":"publish","type":"page","link":"https:\/\/www.bio.uaic.ro\/?page_id=3242","title":{"rendered":"Evenimente \u00eenv\u0103\u021b\u0103m\u00e2nt preuniversitar \u0219i publicul larg"},"content":{"rendered":"<div class=\"wp-block-image is-style-editorskit-rounded\"><figure class=\"aligncenter size-full has-ek-typography\" style=\"\"><img loading=\"lazy\" decoding=\"async\" width=\"1008\" height=\"191\" src=\"https:\/\/www.bio.uaic.ro\/wp-content\/uploads\/2022\/06\/bio-parc.jpg\" alt=\"\" class=\"wp-image-13190\" srcset=\"https:\/\/www.bio.uaic.ro\/wp-content\/uploads\/2022\/06\/bio-parc.jpg 1008w, https:\/\/www.bio.uaic.ro\/wp-content\/uploads\/2022\/06\/bio-parc-300x57.jpg 300w, https:\/\/www.bio.uaic.ro\/wp-content\/uploads\/2022\/06\/bio-parc-768x146.jpg 768w\" sizes=\"auto, (max-width: 1008px) 100vw, 1008px\" \/><\/figure><\/div>\n\n<div style=\"height:20px\" aria-hidden=\"true\" class=\"wp-block-spacer has-ek-typography\"><\/div>\n\n<p class=\"has-text-align-justify has-ek-typography\" style=\"\"><strong>Biologia \u00een parc<\/strong> se adreseaz\u0103 publicului larg constituindu-se \u00eentr-un exerci\u021biu de cunoa\u0219tere prin experimentare direct\u0103 \u0219i este organizat de c\u0103tre Facultatea de Biologie de la Universitatea \u201dAlexandru Ioan Cuza\u201d din Ia\u0219i \u0219i Gr\u0103dina Botanic\u0103 \u201dAnastasie F\u0103tu\u201d din Ia\u0219i, \u00een parteneriat cu mai multe organiza\u021bii nonguvernamentale (<strong>Asocia\u021bia studen\u021bilor biologi din Ia\u0219i<\/strong>, <strong>Societatea Ornitologic\u0103 Rom\u00e2n\u0103\/Birdlife Romania<\/strong>, <strong>Societatea Micologic\u0103 din Rom\u00e2nia<\/strong> \u0219i <strong>Grupul Herpetologic Moldavica<\/strong>). \u00cen cadrul acestui eveniment, un colectiv format din cadre didactice, cercet\u0103tori \u0219i studen\u021bi voluntari vor desf\u0103\u0219ura o palet\u0103 larg\u0103 de activit\u0103\u021bi care vor permite publicului participant s\u0103 experimenteze diverse domenii de investigare a lumii vegetale \u0219i animale din jurul nostru. <\/p>\n\n<div class=\"wp-block-buttons is-horizontal is-content-justification-center is-layout-flex wp-container-core-buttons-is-layout-499968f5 wp-block-buttons-is-layout-flex has-ek-typography\" style=\"\"><div class=\"wp-block-button has-ek-typography\" style=\"\"><a class=\"wp-block-button__link has-background wp-element-button\" href=\"https:\/\/www.bio.uaic.ro\/?page_id=13198\" style=\"border-radius:10px;background-color:#0e5820\"><strong>Biologia \u00een parc 2022<\/strong><\/a><\/div>\n\n<div class=\"wp-block-button has-ek-typography\" style=\"\"><a class=\"wp-block-button__link has-background wp-element-button\" href=\"http:\/\/cercetare.bio.uaic.ro\/public\/sectiunea3c.2019.html\" style=\"border-radius:10px;background-color:#0e5820\" target=\"_blank\" rel=\"noreferrer noopener\"><strong>Arhiv\u0103 eveniment<\/strong><\/a><\/div><\/div>\n\n<div style=\"height:20px\" aria-hidden=\"true\" class=\"wp-block-spacer has-ek-typography\"><\/div>\n\n<div class=\"wp-block-image is-style-editorskit-rounded\"><figure class=\"aligncenter size-full has-ek-typography\" style=\"\"><img loading=\"lazy\" decoding=\"async\" width=\"904\" height=\"192\" src=\"https:\/\/www.bio.uaic.ro\/wp-content\/uploads\/2022\/06\/pd-bio.png\" alt=\"\" class=\"wp-image-13207\" srcset=\"https:\/\/www.bio.uaic.ro\/wp-content\/uploads\/2022\/06\/pd-bio.png 904w, https:\/\/www.bio.uaic.ro\/wp-content\/uploads\/2022\/06\/pd-bio-300x64.png 300w, https:\/\/www.bio.uaic.ro\/wp-content\/uploads\/2022\/06\/pd-bio-768x163.png 768w\" sizes=\"auto, (max-width: 904px) 100vw, 904px\" \/><\/figure><\/div>\n\n<div style=\"height:20px\" aria-hidden=\"true\" class=\"wp-block-spacer has-ek-typography\"><\/div>\n\n<p class=\"has-text-align-justify has-ek-typography\" style=\"\"><strong> <\/strong>Colegii din \u00eenv\u0103\u021b\u0103m\u00e2ntul preuniversitar care sunt interesa\u021bi s\u0103 organizeze vizite cu elevii la Facultatea de Biologie, sunt invita\u021bi s\u0103-\u0219i anun\u021be inten\u021bia cu cel pu\u021bin 14 zile \u00een avans, contact\u00e2nd fie direct Prodecanul responsabil cu activitatea didactic\u0103 \u0219i comunicarea cu studen\u021bii (<a aria-label=\"ciprian.manzu@uaic.ro (opens in a new tab)\" href=\"mailto:ciprian.manzu@uaic.ro\" target=\"_blank\" rel=\"noreferrer noopener\" class=\"ek-link\">ciprian.manzu@uaic.ro<\/a>), fie Secretariatul facult\u0103\u021bii (<a href=\"mailto:elena.babei@uaic.ro\" target=\"_blank\" aria-label=\"elena.babei@uaic.ro (opens in a new tab)\" rel=\"noreferrer noopener\" class=\"ek-link\">elena.babei@uaic.ro<\/a>, telefon 0232201072).<\/p>\n\n<div class=\"wp-block-buttons is-horizontal is-content-justification-center is-layout-flex wp-container-core-buttons-is-layout-499968f5 wp-block-buttons-is-layout-flex has-ek-typography\" style=\"\"><div class=\"wp-block-button has-ek-typography\" style=\"\"><a class=\"wp-block-button__link has-background wp-element-button\" style=\"border-radius:10px;background-color:#0e5820\"><strong> <strong>Por\u021bi deschise la Facultatea de Biologie<\/strong><\/strong><\/a><\/div><\/div>\n\n<div style=\"height:20px\" aria-hidden=\"true\" class=\"wp-block-spacer has-ek-typography\"><\/div>\n\n<div class=\"wp-block-image is-style-editorskit-rounded\"><figure class=\"aligncenter size-full has-ek-typography\" style=\"\"><img loading=\"lazy\" decoding=\"async\" width=\"904\" height=\"192\" src=\"https:\/\/www.bio.uaic.ro\/wp-content\/uploads\/2022\/06\/ev-sc-bio.png\" alt=\"\" class=\"wp-image-13223\" srcset=\"https:\/\/www.bio.uaic.ro\/wp-content\/uploads\/2022\/06\/ev-sc-bio.png 904w, https:\/\/www.bio.uaic.ro\/wp-content\/uploads\/2022\/06\/ev-sc-bio-300x64.png 300w, https:\/\/www.bio.uaic.ro\/wp-content\/uploads\/2022\/06\/ev-sc-bio-768x163.png 768w\" sizes=\"auto, (max-width: 904px) 100vw, 904px\" \/><\/figure><\/div>\n\n<div style=\"height:20px\" aria-hidden=\"true\" class=\"wp-block-spacer has-ek-typography\"><\/div>\n\n<p class=\"has-text-align-justify has-ek-typography\" style=\"\"><strong>Parteneriat pentru Zilele \u0218colii sau alte evenimente ale institu\u021biilor de \u00eenv\u0103\u021b\u0103m\u00e2nt preuniversitar <\/strong>&#8211; Institu\u021biile de \u00eenv\u0103\u021b\u0103m\u00e2nt preuniversitar interesate de astfel de colabor\u0103ri sunt invitate s\u0103 ne contacteze cu cel pu\u021bin 30 de zile \u00een avans, pentru a stabili termenii parteneriatului (Prodecan: <a href=\"mailto:ciprian.manzu@uaic.ro\">ciprian.manzu@uaic.ro<\/a>; Secretariat: <a href=\"mailto:elena.babei@uaic.ro\" target=\"_blank\" aria-label=\" (opens in a new tab)\" rel=\"noreferrer noopener\" class=\"ek-link\"><\/a><a aria-label=\"mibuc@uaic.ro (opens in a new tab)\" href=\"mailto:mibuc@uaic.ro\" target=\"_blank\" rel=\"noreferrer noopener\" class=\"ek-link\">elena.babei@uaic.ro<\/a>, telefon 0232201072).<strong> <\/strong><\/p>\n\n<div class=\"wp-block-buttons is-horizontal is-content-justification-center is-layout-flex wp-container-core-buttons-is-layout-499968f5 wp-block-buttons-is-layout-flex has-ek-typography\" style=\"\"><div class=\"wp-block-button has-ek-typography\" style=\"\"><a class=\"wp-block-button__link has-background wp-element-button\" href=\"https:\/\/www.bio.uaic.ro\/?page_id=13373\" style=\"border-radius:10px;background-color:#0e5820\"><strong>Science Camp 2022<\/strong><\/a><\/div>\n\n<div class=\"wp-block-button has-ek-typography\" style=\"\"><a class=\"wp-block-button__link has-background wp-element-button\" style=\"border-radius:10px;background-color:#0e5820\"><strong>Detalii<\/strong><\/a><\/div><\/div>\n\n<div style=\"height:20px\" aria-hidden=\"true\" class=\"wp-block-spacer has-ek-typography\"><\/div>\n\n<div class=\"wp-block-image is-style-editorskit-rounded\"><figure class=\"aligncenter size-full has-ek-typography\" style=\"\"><img loading=\"lazy\" decoding=\"async\" width=\"907\" height=\"161\" src=\"https:\/\/www.bio.uaic.ro\/wp-content\/uploads\/2022\/06\/zpd-uaic1.png\" alt=\"\" class=\"wp-image-13195\" srcset=\"https:\/\/www.bio.uaic.ro\/wp-content\/uploads\/2022\/06\/zpd-uaic1.png 907w, https:\/\/www.bio.uaic.ro\/wp-content\/uploads\/2022\/06\/zpd-uaic1-300x53.png 300w, https:\/\/www.bio.uaic.ro\/wp-content\/uploads\/2022\/06\/zpd-uaic1-768x136.png 768w\" sizes=\"auto, (max-width: 907px) 100vw, 907px\" \/><\/figure><\/div>\n\n<div style=\"height:20px\" aria-hidden=\"true\" class=\"wp-block-spacer has-ek-typography\"><\/div>\n\n<div class=\"wp-block-buttons is-horizontal is-content-justification-center is-layout-flex wp-container-core-buttons-is-layout-499968f5 wp-block-buttons-is-layout-flex has-ek-typography\" style=\"\"><div class=\"wp-block-button has-ek-typography\" style=\"\"><a class=\"wp-block-button__link has-vivid-cyan-blue-background-color has-background wp-element-button\" href=\"http:\/\/www.uaic.ro\/zpd\/\" style=\"border-radius:10px\" target=\"_blank\" rel=\"noreferrer noopener\"><strong>Zilele por\u021bilor deschise la Universitatea &#8222;Alexandru Ioan Cuza&#8221;<\/strong><\/a><\/div><\/div>","protected":false},"excerpt":{"rendered":"<p>Biologia \u00een parc se adreseaz\u0103 publicului larg constituindu-se \u00eentr-un exerci\u021biu de cunoa\u0219tere prin experimentare direct\u0103 \u0219i este organizat de c\u0103tre Facultatea de Biologie de la Universitatea \u201dAlexandru Ioan Cuza\u201d din Ia\u0219i \u0219i Gr\u0103dina Botanic\u0103 \u201dAnastasie F\u0103tu\u201d din Ia\u0219i, \u00een parteneriat cu mai multe organiza\u021bii nonguvernamentale (Asocia\u021bia studen\u021bilor biologi din Ia\u0219i, Societatea Ornitologic\u0103 Rom\u00e2n\u0103\/Birdlife Romania, Societatea&hellip; <br \/> <a class=\"read-more\" href=\"https:\/\/www.bio.uaic.ro\/?page_id=3242\">Cite\u0219te mai mult<\/a><\/p>\n","protected":false},"author":1,"featured_media":0,"parent":723,"menu_order":0,"comment_status":"closed","ping_status":"closed","template":"page-templates\/page-with-right-sidebar.php","meta":{"_editorskit_title_hidden":false,"_editorskit_reading_time":1,"_editorskit_is_block_options_detached":false,"_editorskit_block_options_position":"{}","_editorskit_typography_data":[],"_editorskit_blocks_typography":"","_uag_custom_page_level_css":"","footnotes":""},"class_list":["post-3242","page","type-page","status-publish","hentry"],"featured_image_src":null,"uagb_featured_image_src":{"full":false,"thumbnail":false,"medium":false,"medium_large":false,"large":false,"1536x1536":false,"2048x2048":false,"post-thumbnail":false,"mesmerize-full-hd":false},"uagb_author_info":{"display_name":"admin","author_link":"https:\/\/www.bio.uaic.ro\/?author=1"},"uagb_comment_info":0,"uagb_excerpt":"Biologia \u00een parc se adreseaz\u0103 publicului larg constituindu-se \u00eentr-un exerci\u021biu de cunoa\u0219tere prin experimentare direct\u0103 \u0219i este organizat de c\u0103tre Facultatea de Biologie de la Universitatea \u201dAlexandru Ioan Cuza\u201d din Ia\u0219i \u0219i Gr\u0103dina Botanic\u0103 \u201dAnastasie F\u0103tu\u201d din Ia\u0219i, \u00een parteneriat cu mai multe organiza\u021bii nonguvernamentale (Asocia\u021bia studen\u021bilor biologi din Ia\u0219i, Societatea Ornitologic\u0103 Rom\u00e2n\u0103\/Birdlife Romania, Societatea&hellip;&hellip;","_links":{"self":[{"href":"https:\/\/www.bio.uaic.ro\/index.php?rest_route=\/wp\/v2\/pages\/3242","targetHints":{"allow":["GET"]}}],"collection":[{"href":"https:\/\/www.bio.uaic.ro\/index.php?rest_route=\/wp\/v2\/pages"}],"about":[{"href":"https:\/\/www.bio.uaic.ro\/index.php?rest_route=\/wp\/v2\/types\/page"}],"author":[{"embeddable":true,"href":"https:\/\/www.bio.uaic.ro\/index.php?rest_route=\/wp\/v2\/users\/1"}],"replies":[{"embeddable":true,"href":"https:\/\/www.bio.uaic.ro\/index.php?rest_route=%2Fwp%2Fv2%2Fcomments&post=3242"}],"version-history":[{"count":124,"href":"https:\/\/www.bio.uaic.ro\/index.php?rest_route=\/wp\/v2\/pages\/3242\/revisions"}],"predecessor-version":[{"id":18778,"href":"https:\/\/www.bio.uaic.ro\/index.php?rest_route=\/wp\/v2\/pages\/3242\/revisions\/18778"}],"up":[{"embeddable":true,"href":"https:\/\/www.bio.uaic.ro\/index.php?rest_route=\/wp\/v2\/pages\/723"}],"wp:attachment":[{"href":"https:\/\/www.bio.uaic.ro\/index.php?rest_route=%2Fwp%2Fv2%2Fmedia&parent=3242"}],"curies":[{"name":"wp","href":"https:\/\/api.w.org\/{rel}","templated":true}]}}