{"id":1745,"date":"2021-01-27T09:55:36","date_gmt":"2021-01-27T07:55:36","guid":{"rendered":"http:\/\/85.122.19.109\/?page_id=1745"},"modified":"2025-09-23T14:49:01","modified_gmt":"2025-09-23T11:49:01","slug":"legislatie","status":"publish","type":"page","link":"https:\/\/www.bio.uaic.ro\/?page_id=1745","title":{"rendered":"Legisla\u021bie"},"content":{"rendered":"<figure class=\"wp-block-image size-large is-style-editorskit-rounded has-ek-typography\" style=\"\"><img loading=\"lazy\" decoding=\"async\" width=\"1024\" height=\"301\" src=\"https:\/\/www.bio.uaic.ro\/wp-content\/uploads\/2021\/03\/legislatie-1024x301.jpg\" alt=\"\" class=\"wp-image-3703\" srcset=\"https:\/\/www.bio.uaic.ro\/wp-content\/uploads\/2021\/03\/legislatie-1024x301.jpg 1024w, https:\/\/www.bio.uaic.ro\/wp-content\/uploads\/2021\/03\/legislatie-300x88.jpg 300w, https:\/\/www.bio.uaic.ro\/wp-content\/uploads\/2021\/03\/legislatie-768x226.jpg 768w, https:\/\/www.bio.uaic.ro\/wp-content\/uploads\/2021\/03\/legislatie.jpg 1280w\" sizes=\"auto, (max-width: 1024px) 100vw, 1024px\" \/><\/figure>\n\n<figure class=\"wp-block-table has-ek-typography\" style=\"\"><table><tbody><tr><td><a href=\"http:\/\/cercetare.bio.uaic.ro\/doctorat\/abilitare\/legislatie\/OM_3998-2024.pdf\" class=\"mtli_attachment mtli_pdf\"><strong>ORDIN Nr. 3998\/2024<\/strong> din 12 martie 2024 pentru aprobarea Metodologiei de acordare a atestatului de abilitare<\/a><\/td><\/tr><tr><td><a href=\"http:\/\/cercetare.bio.uaic.ro\/doctorat\/abilitare\/legislatie\/30.05.2024-Regulament-obtinere-atestat-abilitare.pdf\" class=\"mtli_attachment mtli_pdf\" target=\"_blank\" rel=\"noreferrer noopener\"><strong>REGULAMENT<\/strong> privind Organizarea \u0219i Desf\u0103\u0219urarea Procesului de Ob\u021binere a Atestatului de Abilitare la Universitatea \u201eAlexandru Ioan Cuza\u201d Ia\u0219i. &#8211; Actualizat<\/a><\/td><\/tr><tr><td><a href=\"http:\/\/cercetare.bio.uaic.ro\/doctorat\/abilitare\/legislatie\/Monitorul-Oficial-Partea-I%20nr.121Bis.pdf\" class=\"mtli_attachment mtli_pdf\" target=\"_blank\" rel=\"noreferrer noopener\"><strong>ORDIN Nr. 3.019\/2025<\/strong> pentru aprobarea standardelor minimale na\u021bionale necesare \u0219i obligatorii pentru conferirea titlului de conferen\u021biar \u0219i a celui de profesor din \u00eenv\u0103\u021b\u0103m\u00e2ntul superior, precum \u0219i a atestatului de abilitare.<\/a><\/td><\/tr><tr><td><a aria-label=\"REGULAMENT privind Organizarea \u0219i Desf\u0103\u0219urarea Procesului de Ob\u021binere a Atestatului deAbilitare la Universitatea \u201eAlexandru Ioan Cuza\u201d Ia\u0219i. (opens in a new tab)\" href=\"http:\/\/cercetare.bio.uaic.ro\/doctorat\/regulamente\/REGULAMENT-ABILITARE-2021-2022.pdf\" class=\"mtli_attachment mtli_pdf\" target=\"_blank\" rel=\"noreferrer noopener\" class=\"ek-link\"><strong>REGULAMENT<\/strong> privind Organizarea \u0219i Desf\u0103\u0219urarea Procesului de Ob\u021binere a Atestatului de Abilitare la Universitatea \u201eAlexandru Ioan Cuza\u201d Ia\u0219i.<\/a><\/td><\/tr><tr><td><a href=\"http:\/\/cercetare.bio.uaic.ro\/doctorat\/abilitare\/legislatie\/010%20-%20HS%2025-15-12-2022%20-%20procedura%20obtinere%20atestat%20de%20abilitare.pdf\" class=\"mtli_attachment mtli_pdf\" class=\"ek-link\"><strong>PROCEDUR\u0102<\/strong> ob\u021binere atestat de abilitare &#8211; aprobat 15.12.2022<\/a><\/td><\/tr><tr><td><a rel=\"noreferrer noopener\" href=\"http:\/\/cercetare.bio.uaic.ro\/doctorat\/infoutil\/Ordin_MEC_5229-2020.pdf\" class=\"mtli_attachment mtli_pdf\" target=\"_blank\"><strong>ORDIN Nr. 522\/2020<\/strong> din 17 august 2020 pentru aprobarea metodologiilor referitoare la acordarea titlului de doctor, precum \u015fi la solu\u0163ionarea sesiz\u0103rilor cu privire la nerespectarea standardelor de calitate sau de etic\u0103 profesional\u0103, inclusiv cu privire la existen\u0163a plagiatului \u00een cadrul unei teze de doctorat.<\/a><\/td><\/tr><tr><td><a rel=\"noreferrer noopener\" href=\"http:\/\/cercetare.bio.uaic.ro\/doctorat\/infoutil\/Adresa_MEC_dosar_de_abilitare-2020.pdf\" class=\"mtli_attachment mtli_pdf\" target=\"_blank\"><strong>Adres\u0103<\/strong> ref. la Anexa I la OMEC Nr. 522\/2020 privind organizarea \u015fi desf\u0103\u015furarea procesului de ob\u0163inere a Atestatului de Abilitare.\u00a0<\/a><\/td><\/tr><tr><td><a href=\"http:\/\/cercetare.bio.uaic.ro\/doctorat\/abilitare\/legislatie\/1-ORDIN-nr.6129-din-2016-aprobare-standarde-minime-pentru-conferirea-titlurilor-didactice.pdf\" class=\"mtli_attachment mtli_pdf\" class=\"ek-link\"><strong>ORDIN nr. 6129 din 20 decembrie 2016 <\/strong>privind aprobarea standardelor minimale necesare \u015fi obligatorii pentru conferirea titlurilor didactice din \u00eenv\u0103\u0163\u0103m\u00e2ntul superior, a gradelor profesionale de cercetare-dezvoltare, a calit\u0103\u0163ii de conduc\u0103tor de doctorat \u015fi a atestatului de abilitare.<\/a><\/td><\/tr><\/tbody><\/table><\/figure>\n\n<p class=\" has-ek-typography\" style=\"\"><\/p>","protected":false},"excerpt":{"rendered":"<p>ORDIN Nr. 3998\/2024 din 12 martie 2024 pentru aprobarea Metodologiei de acordare a atestatului de abilitare REGULAMENT privind Organizarea \u0219i Desf\u0103\u0219urarea Procesului de Ob\u021binere a Atestatului de Abilitare la Universitatea \u201eAlexandru Ioan Cuza\u201d Ia\u0219i. &#8211; Actualizat ORDIN Nr. 3.019\/2025 pentru aprobarea standardelor minimale na\u021bionale necesare \u0219i obligatorii pentru conferirea titlului de conferen\u021biar \u0219i a celui&hellip; <br \/> <a class=\"read-more\" href=\"https:\/\/www.bio.uaic.ro\/?page_id=1745\">Cite\u0219te mai mult<\/a><\/p>\n","protected":false},"author":1,"featured_media":0,"parent":1743,"menu_order":0,"comment_status":"closed","ping_status":"closed","template":"page-templates\/page-with-right-sidebar.php","meta":{"_editorskit_title_hidden":false,"_editorskit_reading_time":1,"_editorskit_is_block_options_detached":false,"_editorskit_block_options_position":"{}","_editorskit_typography_data":[],"_editorskit_blocks_typography":"","_uag_custom_page_level_css":"","footnotes":""},"class_list":["post-1745","page","type-page","status-publish","hentry"],"featured_image_src":null,"uagb_featured_image_src":{"full":false,"thumbnail":false,"medium":false,"medium_large":false,"large":false,"1536x1536":false,"2048x2048":false,"post-thumbnail":false,"mesmerize-full-hd":false},"uagb_author_info":{"display_name":"admin","author_link":"https:\/\/www.bio.uaic.ro\/?author=1"},"uagb_comment_info":0,"uagb_excerpt":"ORDIN Nr. 3998\/2024 din 12 martie 2024 pentru aprobarea Metodologiei de acordare a atestatului de abilitare REGULAMENT privind Organizarea \u0219i Desf\u0103\u0219urarea Procesului de Ob\u021binere a Atestatului de Abilitare la Universitatea \u201eAlexandru Ioan Cuza\u201d Ia\u0219i. &#8211; Actualizat ORDIN Nr. 3.019\/2025 pentru aprobarea standardelor minimale na\u021bionale necesare \u0219i obligatorii pentru conferirea titlului de conferen\u021biar \u0219i a celui&hellip;&hellip;","_links":{"self":[{"href":"https:\/\/www.bio.uaic.ro\/index.php?rest_route=\/wp\/v2\/pages\/1745","targetHints":{"allow":["GET"]}}],"collection":[{"href":"https:\/\/www.bio.uaic.ro\/index.php?rest_route=\/wp\/v2\/pages"}],"about":[{"href":"https:\/\/www.bio.uaic.ro\/index.php?rest_route=\/wp\/v2\/types\/page"}],"author":[{"embeddable":true,"href":"https:\/\/www.bio.uaic.ro\/index.php?rest_route=\/wp\/v2\/users\/1"}],"replies":[{"embeddable":true,"href":"https:\/\/www.bio.uaic.ro\/index.php?rest_route=%2Fwp%2Fv2%2Fcomments&post=1745"}],"version-history":[{"count":15,"href":"https:\/\/www.bio.uaic.ro\/index.php?rest_route=\/wp\/v2\/pages\/1745\/revisions"}],"predecessor-version":[{"id":23470,"href":"https:\/\/www.bio.uaic.ro\/index.php?rest_route=\/wp\/v2\/pages\/1745\/revisions\/23470"}],"up":[{"embeddable":true,"href":"https:\/\/www.bio.uaic.ro\/index.php?rest_route=\/wp\/v2\/pages\/1743"}],"wp:attachment":[{"href":"https:\/\/www.bio.uaic.ro\/index.php?rest_route=%2Fwp%2Fv2%2Fmedia&parent=1745"}],"curies":[{"name":"wp","href":"https:\/\/api.w.org\/{rel}","templated":true}]}}