{"id":1741,"date":"2021-01-27T09:54:04","date_gmt":"2021-01-27T07:54:04","guid":{"rendered":"http:\/\/85.122.19.109\/?page_id=1741"},"modified":"2026-04-17T13:39:45","modified_gmt":"2026-04-17T10:39:45","slug":"conducatori-de-doctorat","status":"publish","type":"page","link":"https:\/\/www.bio.uaic.ro\/?page_id=1741","title":{"rendered":"Conduc\u0103tori doctorat"},"content":{"rendered":"<div  data-label=\"Team\" data-id=\"team--1\" data-export-id=\"team-5\" data-category=\"team\" class=\"team-5 content-section content-section-spacing content-relative\" id=\"team-1\" style=\"background-image: none; background-size: cover; background-position: center top; background-color: rgb(255, 255, 255);\"><div  class=\"gridContainer\">  <div  class=\"row spaced-cols center-sm content-center-sm\" data-type=\"row\">        <div  class=\"col-xs-12 col-sm-6 col-md-3 col-padding\"> <div  class=\"row \"> <div  data-type=\"column\" class=\"col-xs-12 col-sm-12\"> <a  data-cp-link=\"1\" href=\"https:\/\/www.bio.uaic.ro?page_id=3515\" class=\"\" target=\"_blank\" rel=\"noopener\"><img  decoding=\"async\" class=\"round face\" src=\"https:\/\/www.bio.uaic.ro\/wp-content\/uploads\/2021\/04\/Bejenaru-Luminita.jpg\" title=\"Bejenaru-Luminita\" alt=\"\"><\/a><a  class=\"button color1\" href=\"https:\/\/www.bio.uaic.ro?page_id=3515\" target=\"_blank\" data-cp-link=\"1\" data-icon=\"fa-address-card-o\" rel=\"noopener\"><span  class=\"button-icon fa fa-address-card-o\"><\/span>Detalii<\/a> <a  class=\"button color1\" href=\"http:\/\/cercetare.bio.uaic.ro\/doctorat\/conducatori\/bejenaru\/Lista%20studenti%20L_Bejenaru.pdf\" class=\"mtli_attachment mtli_pdf\" target=\"_blank\" data-cp-link=\"1\" data-icon=\"\">Lista studen\u021bilor doctoranzi coordona\u021bi<\/a><h4  class=\"font-500\"><span  style=\"font-weight: 600;\">Prof. univ. dr. habil. Lumini\u021ba Bejenaru<\/span><\/h4> <p  class=\"italic\"><span  style=\"font-weight: 700;\">Anatomie Comparat\u0103.<\/span><span  id=\"_mce_caret\" data-mce-bogus=\"1\" data-mce-type=\"format-caret\"><span  style=\"font-weight: 700;\">\ufeff<\/span><\/span><\/p> <p  class=\"\">UAIC, Corp B, Demisol I, Sala B204<\/p>  <p  class=\"\">Tel: 0232\/201102 int.1527<\/p><a  class=\"link\" href=\"mailto:\" target=\"_blank\" data-cp-link=\"1\" rel=\"noopener\">lumib@uaic.ro<\/a><\/div><\/div> <\/div><div  class=\"col-xs-12 col-sm-6 col-md-3 col-padding\"> <div  class=\"row \"> <div  data-type=\"column\" class=\"col-xs-12 col-sm-12\"> <a  data-cp-link=\"1\" href=\"https:\/\/www.bio.uaic.ro\/www.bio.uaic.ro?page_id=3686\" class=\"\" target=\"_blank\" rel=\"noopener\"><img  decoding=\"async\" class=\"round face\" src=\"https:\/\/www.bio.uaic.ro\/wp-content\/uploads\/2024\/09\/ciobica.png\" title=\"ciobica\" alt=\"\"><\/a><a  class=\"button color1\" href=\"https:\/\/www.bio.uaic.ro?page_id=1741\" target=\"_blank\" data-cp-link=\"1\" data-icon=\"fa-address-card-o\" rel=\"noopener\"><span  class=\"button-icon fa fa-address-card-o\"><\/span>Detalii<\/a><a  class=\"button color1\" href=\"http:\/cercetare.bio.uaic.ro\/doctorat\/conducatori\/ciobica\/Lista%20studenti%20A_Ciobica.pdf\" class=\"mtli_attachment mtli_pdf\" target=\"_blank\" data-cp-link=\"1\" data-icon=\"\">Lista studen\u021bilor doctoranzi coordona\u021bi<\/a> <h4  class=\"font-500\"><span  style=\"font-weight: 600;\">CS I dr. habil. Alin Stelian Ciob\u00eec\u0103<\/span><\/h4> <p  class=\"italic\"><span  style=\"font-weight: 700;\">Neurofiziologie animal\u0103. Comportament. Stres oxidativ.<\/span><\/p> <p  class=\"\">UAIC, Corp B, Demisol I, Sala B128<\/p>  <p  class=\"\">Tel: 0751218264<\/p><a  class=\"link\" href=\"mailto:\" target=\"_blank\" data-cp-link=\"1\" rel=\"noopener\"> alin.ciobica@uaic.ro<\/a><\/div><\/div> <\/div><div  class=\"col-xs-12 col-sm-6 col-md-3 col-padding\"> <div  class=\"row \"> <div  data-type=\"column\" class=\"col-xs-12 col-sm-12\"> <a  data-cp-link=\"1\" href=\"https:\/\/www.bio.uaic.ro?page_id=4336\" class=\"\" target=\"_blank\" rel=\"noopener\"><img  decoding=\"async\" class=\"round face\" src=\"https:\/\/www.bio.uaic.ro\/wp-content\/uploads\/2021\/03\/Gorgan-Lucian.jpg\" title=\"Gorgan-Lucian\" alt=\"\"><\/a><a  class=\"button color1\" href=\"https:\/\/www.bio.uaic.ro?page_id=4336\" target=\"_blank\" data-cp-link=\"1\" data-icon=\"fa-address-card-o\" rel=\"noopener\"><span  class=\"button-icon fa fa-address-card-o\"><\/span>Detalii<\/a><a  class=\"button color1\" href=\"http:\/\/cercetare.bio.uaic.ro\/doctorat\/conducatori\/gorgan\/Lista%20studenti%20L_Gorgan.pdf\" class=\"mtli_attachment mtli_pdf\" target=\"_blank\" data-cp-link=\"1\" data-icon=\"\">Lista studen\u021bilor doctoranzi coordona\u021bi<\/a> <h4  class=\"font-500\"><span  style=\"font-weight: 600;\">Prof. univ. dr. habil. Drago\u0219 Lucian Gorgan<\/span><\/h4> <p  class=\"italic\"><span  style=\"font-weight: 700;\">Biologie molecular\u0103. Genetic\u0103 Molecular\u0103.<\/span><\/p> <p  class=\"\">UAIC, Corp B, Parter, Sala B342<\/p>  <p  class=\"\">Tel: 0232\/201102 int.1574<\/p><a  class=\"link\" href=\"mailto:\" target=\"_self\" data-cp-link=\"1\" rel=\"noopener\">lucian.gorgan@uaic.ro<\/a><\/div><\/div> <\/div><div  class=\"col-xs-12 col-sm-6 col-md-3 col-padding\"> <div  class=\"row \"> <div  data-type=\"column\" class=\"col-xs-12 col-sm-12\"> <a  data-cp-link=\"1\" href=\"https:\/\/www.bio.uaic.ro?page_id=4229\" class=\"\" target=\"_blank\" rel=\"noopener\"><img  decoding=\"async\" class=\"round face\" src=\"https:\/\/www.bio.uaic.ro\/wp-content\/uploads\/2021\/04\/Hritcu-Lucian-2.jpg\" title=\"Hritcu-Lucian-2\" alt=\"\"><\/a><a  class=\"button color1\" href=\"https:\/\/www.bio.uaic.ro?page_id=4229\" target=\"_blank\" data-cp-link=\"1\" data-icon=\"fa-address-card-o\" rel=\"noopener\"><span  class=\"button-icon fa fa-address-card-o\"><\/span>Detalii<\/a> <a  class=\"button color1\" href=\"http:\/\/cercetare.bio.uaic.ro\/doctorat\/conducatori\/hritcu\/Lista%20studenti%20L_Hritcu.pdf\" class=\"mtli_attachment mtli_pdf\" target=\"_blank\" data-cp-link=\"1\" data-icon=\"\">Lista studen\u021bilor doctoranzi coordona\u021bi<\/a><h4  class=\"font-500\"><span  style=\"font-weight: 600;\">Prof. univ. dr. habil. Lucian Hri\u021bcu<\/span><\/h4> <p  class=\"italic\"><span  style=\"font-weight: 700;\">Fiziologie animal\u0103. Neurobiologie.<\/span><\/p> <p  class=\"\">UAIC, Corp B, Demisol I, Sala B226<\/p>  <p  class=\"\">Tel: 0232\/201102 int.1666<\/p><a  class=\"link\" href=\"mailto:\" target=\"_blank\" data-cp-link=\"1\" rel=\"noopener\">hritcu@uaic.ro<\/a><\/div><\/div> <\/div><div  class=\"col-xs-12 col-sm-6 col-md-3 col-padding\"> <div  class=\"row \"> <div  data-type=\"column\" class=\"col-xs-12 col-sm-12\"> <a  data-cp-link=\"1\" href=\"http:\/\/cercetare.bio.uaic.ro\/cadre\/pagini-personale\/marius.mihasan\/index.html\" class=\"\" target=\"_blank\" rel=\"noopener\"><img  decoding=\"async\" class=\"round face\" src=\"https:\/\/www.bio.uaic.ro\/wp-content\/uploads\/2022\/11\/mihasan.png\" title=\"mihasan\" alt=\"\"><\/a> <a  class=\"button color1\" href=\"http:\/\/cercetare.bio.uaic.ro\/cadre\/pagini-personale\/marius.mihasan\/index.html\" target=\"_blank\" data-cp-link=\"1\" data-icon=\"fa-address-card-o\" rel=\"noopener\"><span  class=\"button-icon fa fa-address-card-o\"><\/span>Detalii<\/a><a  class=\"button color1\" href=\"http:\/\/cercetare.bio.uaic.ro\/doctorat\/conducatori\/mihasan\/Lista%20studenti%20M_Mihasan.pdf\" class=\"mtli_attachment mtli_pdf\" target=\"_blank\" data-cp-link=\"1\" data-icon=\"\">Lista studen\u021bilor doctoranzi coordona\u021bi<\/a><h4  class=\"font-500\" style=\"text-align: center;\"><span  style=\"font-weight: 600;\">Prof. univ. dr. habil. Marius Mih\u0103\u0219an<\/span><\/h4> <p  class=\"italic\" style=\"text-align: center;\"><span  style=\"font-weight: 700;\">Biochimie. Biologie Celular\u0103.<\/span><\/p> <p  class=\"\" style=\"text-align: center;\">UAIC, Corp B, Demisol I, Sala B228<\/p>  <p  class=\"\" style=\"text-align: center;\">Tel:0232\/201102&nbsp; int.2434<\/p><a  class=\"link\" href=\"mailto:\" target=\"_blank\" data-cp-link=\"1\" rel=\"noopener\">marius.mihasan@uaic.ro<\/a><\/div><\/div> <\/div><div  class=\"col-xs-12 col-sm-6 col-md-3 col-padding\"> <div  class=\"row \"> <div  data-type=\"column\" class=\"col-xs-12 col-sm-12\"> <a  data-cp-link=\"1\" href=\"https:\/\/www.bio.uaic.ro?page_id=4128\" class=\"\" target=\"_blank\" rel=\"noopener\"><img  decoding=\"async\" class=\"round face\" src=\"https:\/\/www.bio.uaic.ro\/wp-content\/uploads\/2021\/03\/Mitroiu-Mircea-Dan.jpg\" title=\"Mitroiu-Mircea-Dan\" alt=\"\"><\/a><a  class=\"button color1\" href=\"https:\/\/www.bio.uaic.ro?page_id=4128\" target=\"_blank\" data-cp-link=\"1\" data-icon=\"fa-address-card-o\" rel=\"noopener\"><span  class=\"button-icon fa fa-address-card-o\"><\/span>Detalii<\/a> <a  class=\"button color1\" href=\"http:\/\/cercetare.bio.uaic.ro\/doctorat\/conducatori\/mitroiu\/Lista%20studenti%20M_Mitroiu.pdf\" class=\"mtli_attachment mtli_pdf\" target=\"_blank\" data-cp-link=\"1\" data-icon=\"\">Lista studen\u021bilor doctoranzi coordona\u021bi<\/a><h4  class=\"font-500\"><span  style=\"font-weight: 600;\">Prof. dr. habil. Mircea-Dan Mitroiu<\/span><\/h4> <p  class=\"italic\"><span  style=\"font-weight: 700;\">Entomologie.<\/span><\/p> <p  class=\"\">UAIC, Corp B, Demisol I, Sala B341-a<\/p>  <p  class=\"\">Tel: 0232\/201102 int.2517<\/p><a  class=\"link\" href=\"mailto:\" target=\"_blank\" data-cp-link=\"1\" rel=\"noopener\">mircea.mitroiu@uaic.ro<\/a><\/div><\/div> <\/div><div  class=\"col-xs-12 col-sm-6 col-md-3 col-padding\"> <div  class=\"row \"> <div  data-type=\"column\" class=\"col-xs-12 col-sm-12\"> <img  decoding=\"async\" class=\"round face\" src=\"https:\/\/www.bio.uaic.ro\/wp-content\/uploads\/2021\/03\/Oprica-Lacramioara-2.jpg\" title=\"Oprica-Lacramioara\" alt=\"\"><a  class=\"button color1\" href=\"#\" target=\"_blank\" data-cp-link=\"1\" data-icon=\"fa-address-card-o\" rel=\"noopener\"><span  class=\"button-icon fa fa-address-card-o\"><\/span>Detalii<\/a> <a  class=\"button color1\" href=\"http:\/\/cercetare.bio.uaic.ro\/doctorat\/conducatori\/oprica\/Lista%20studenti%20L_Oprica.pdf\" class=\"mtli_attachment mtli_pdf\" target=\"_blank\" data-cp-link=\"1\" data-icon=\"\">Lista studen\u021bilor doctoranzi coordona\u021bi<\/a><h4  class=\"font-500\"><span  style=\"font-weight: 600;\">Conf. dr. habil. L\u0103cr\u0103mioara Anca Opric\u0103<\/span><\/h4> <p  class=\"italic\"><span  style=\"font-weight: 700;\">Biochimie.<\/span><\/p> <p  class=\"\">UAIC, Corp B, Demisol I, Sala B231<\/p>  <p  class=\"\">Tel: 0232\/201102 int.1502<\/p><a  class=\"link\" href=\"mailto:\" target=\"_blank\" data-cp-link=\"1\" rel=\"noopener\"> lacramioara.oprica@uaic.ro<\/a><\/div><\/div> <\/div><div  class=\"col-xs-12 col-sm-6 col-md-3 col-padding\"> <div  class=\"row \"> <div  data-type=\"column\" class=\"col-xs-12 col-sm-12\"> <a  data-cp-link=\"1\" href=\"https:\/\/www.bio.uaic.ro?page_id=4110\" class=\"\" target=\"_blank\" rel=\"noopener\"><img  decoding=\"async\" class=\"round face\" src=\"https:\/\/www.bio.uaic.ro\/wp-content\/uploads\/2021\/01\/stefan.png\" title=\"stefan\" alt=\"\"><\/a> <a  class=\"button color1\" href=\"https:\/\/www.bio.uaic.ro?page_id=4110\" target=\"_blank\" data-cp-link=\"1\" data-icon=\"fa-address-card-o\" rel=\"noopener\"><span  class=\"button-icon fa fa-address-card-o\"><\/span>Detalii<\/a><a  class=\"button color1\" href=\"http:\/\/cercetare.bio.uaic.ro\/doctorat\/conducatori\/stefan\/Lista%20studenti%20M_Stefan.pdf\" class=\"mtli_attachment mtli_pdf\" target=\"_blank\" data-cp-link=\"1\" data-icon=\"\">Lista studen\u021bilor doctoranzi coordona\u021bi<\/a><h4  class=\"font-500\"><span  style=\"font-weight: 600;\">Prof. univ. dr. habil. Marius \u0218tefan<\/span><\/h4> <p  class=\"italic\"><span  style=\"font-weight: 700;\">Microbiologie general\u0103. Biotehnologii microbiene.<\/span><\/p> <p  class=\"\">UAIC, Corp B, Demisol I, Sala B238-c<\/p>  <p  class=\"\">Tel: 0232\/201102 int.1524<\/p><a  class=\"link\" href=\"mailto:\" target=\"_blank\" data-cp-link=\"1\" rel=\"noopener\">stefanm@uaic.ro<\/a><\/div><\/div> <\/div><div  class=\"col-xs-12 col-sm-6 col-md-3 col-padding\"> <div  class=\"row \"> <div  data-type=\"column\" class=\"col-xs-12 col-sm-12\"> <a  data-cp-link=\"1\" href=\"https:\/\/www.bio.uaic.ro?page_id=3755\" class=\"\" target=\"_self\" rel=\"noopener\"><img  decoding=\"async\" class=\"round face\" src=\"https:\/\/www.bio.uaic.ro\/wp-content\/uploads\/2021\/01\/zamfirache.png\" title=\"zamfirache\" alt=\"\"><\/a><a  class=\"button color1\" href=\"https:\/\/www.bio.uaic.ro?page_id=3755\" target=\"_blank\" data-cp-link=\"1\" data-icon=\"fa-address-card-o\" rel=\"noopener\"><span  class=\"button-icon fa fa-address-card-o\"><\/span>Detalii<\/a> <a  class=\"button color1\" href=\"http:\/\/cercetare.bio.uaic.ro\/doctorat\/conducatori\/zamfirache\/Lista%20studenti%20MM_Zamfirache.pdf\" class=\"mtli_attachment mtli_pdf\" target=\"_blank\" data-cp-link=\"1\" data-icon=\"\">Lista studen\u021bilor doctoranzi coordona\u021bi<\/a><h4  class=\"font-500\"><span  style=\"font-weight: 600;\">Prof. univ. dr. emeritus Maria Magdalena Zamfirache<\/span><\/h4> <p  class=\"italic\"><span  style=\"font-weight: 700;\">Fiziologie vegetal\u0103.<\/span><\/p> <p  class=\"\">UAIC, Corp B, Etaj I, Sala B447<\/p>  <p  class=\"\">Tel: 0232\/201102 int.1513<\/p><a  class=\"link\" href=\"mailto:\" target=\"_blank\" data-cp-link=\"1\" rel=\"noopener\">magda@uaic.ro<\/a><\/div><\/div> <\/div><div  class=\"col-xs-12 col-sm-6 col-md-3 col-padding\"> <div  class=\"row \"> <div  data-type=\"column\" class=\"col-xs-12 col-sm-12\"> <a  data-cp-link=\"1\" href=\"https:\/\/www.bio.uaic.ro?page_id=1741\" class=\"\" target=\"_blank\" rel=\"noopener\"><img  decoding=\"async\" class=\"round face\" src=\"https:\/\/www.bio.uaic.ro\/wp-content\/uploads\/2021\/04\/Fusu-Lucian.jpg\" title=\"Bejenaru-Luminita\" alt=\"\"><\/a><a  class=\"button color1\" href=\"#\" target=\"_blank\" data-cp-link=\"1\" data-icon=\"fa-address-card-o\" rel=\"noopener\"><span  class=\"button-icon fa fa-address-card-o\"><\/span>Detalii<\/a><a  class=\"button color1\" href=\"http:\/\/cercetare.bio.uaic.ro\/doctorat\/conducatori\/fusu\/Lista%20studenti%20L_Fusu.pdf\" class=\"mtli_attachment mtli_pdf\" target=\"_blank\" data-cp-link=\"1\" data-icon=\"\">Lista studen\u021bilor doctoranzi coordona\u021bi<\/a> <h4  class=\"font-500\"><span  style=\"font-weight: 600;\">Conf. univ. dr. habil. Lucian Fusu<\/span><\/h4> <p  class=\"italic\"><span  style=\"font-weight: 700;\">Citologie animal\u0103 \u0219i filogeografie<\/span><span  id=\"_mce_caret\" data-mce-bogus=\"1\" data-mce-type=\"format-caret\"><span  style=\"font-weight: 700;\">\ufeff<\/span><\/span><\/p> <p  class=\"\">UAIC, Corp B, Etaj I, B366<\/p>  <p  class=\"\">Tel: 0232\/201102 \u2013 int.1523<\/p><a  class=\"link\" href=\"mailto:\" target=\"_blank\" data-cp-link=\"1\" rel=\"noopener\">lucian.fusu@uaic.ro<\/a><\/div><\/div> <\/div><div  class=\"col-xs-12 col-sm-6 col-md-3 col-padding\"> <div  class=\"row \"> <div  data-type=\"column\" class=\"col-xs-12 col-sm-12\"> <a  data-cp-link=\"1\" href=\"https:\/\/www.bio.uaic.ro?page_id=1741\" class=\"\" target=\"_blank\" rel=\"noopener\"><img  decoding=\"async\" class=\"round face\" src=\"https:\/\/www.bio.uaic.ro\/wp-content\/uploads\/2021\/03\/Surugiu-Victor-1.jpg\" title=\"Bejenaru-Luminita\" alt=\"\"><\/a><a  class=\"button color1\" href=\"https:\/\/www.bio.uaic.ro?page_id=24519\" target=\"_blank\" data-cp-link=\"1\" data-icon=\"fa-address-card-o\" rel=\"noopener\"><span  class=\"button-icon fa fa-address-card-o\"><\/span>Detalii<\/a> <a  class=\"button color1\" href=\"http:\/\/cercetare.bio.uaic.ro\/doctorat\/conducatori\/surugiu\/Lista%20studenti%20V.Surugiu.pdf\" class=\"mtli_attachment mtli_pdf\" target=\"_blank\" data-cp-link=\"1\" data-icon=\"\">Lista studen\u021bilor doctoranzi coordona\u021bi<\/a><h4  class=\"font-500\"><span  style=\"font-weight: 600;\">Conf. univ. dr. habil. Victor Surugiu<\/span><\/h4> <p  class=\"italic\"><span  style=\"font-weight: 700;\">Hidrobiologie<\/span><\/p> <p  class=\"\">UAIC, Corp B, Parter, B350<\/p>  <p  class=\"\">Tel: 0232\/201102 \u2013 int.2376<\/p><a  class=\"link\" href=\"mailto:\" target=\"_blank\" data-cp-link=\"1\" rel=\"noopener\">vsurugiu@uaic.ro<\/a><\/div><\/div> <\/div><\/div> <\/div><\/div>","protected":false},"excerpt":{"rendered":"<p>Detalii Lista studen\u021bilor doctoranzi coordona\u021biProf. univ. dr. habil. Lumini\u021ba Bejenaru Anatomie Comparat\u0103.\ufeff UAIC, Corp B, Demisol I, Sala B204 Tel: 0232\/201102 int.1527lumib@uaic.ro DetaliiLista studen\u021bilor doctoranzi coordona\u021bi CS I dr. habil. Alin Stelian Ciob\u00eec\u0103 Neurofiziologie animal\u0103. Comportament. Stres oxidativ. UAIC, Corp B, Demisol I, Sala B128 Tel: 0751218264 alin.ciobica@uaic.ro DetaliiLista studen\u021bilor doctoranzi coordona\u021bi Prof. univ. dr.&hellip; <br \/> <a class=\"read-more\" href=\"https:\/\/www.bio.uaic.ro\/?page_id=1741\">Cite\u0219te mai mult<\/a><\/p>\n","protected":false},"author":1,"featured_media":0,"parent":524,"menu_order":0,"comment_status":"closed","ping_status":"closed","template":"page-templates\/page-with-right-sidebar.php","meta":{"_editorskit_title_hidden":false,"_editorskit_reading_time":1,"_editorskit_is_block_options_detached":false,"_editorskit_block_options_position":"{}","_editorskit_typography_data":[],"_editorskit_blocks_typography":"","_uag_custom_page_level_css":"","footnotes":""},"class_list":["post-1741","page","type-page","status-publish","hentry"],"featured_image_src":null,"uagb_featured_image_src":{"full":false,"thumbnail":false,"medium":false,"medium_large":false,"large":false,"1536x1536":false,"2048x2048":false,"post-thumbnail":false,"mesmerize-full-hd":false},"uagb_author_info":{"display_name":"admin","author_link":"https:\/\/www.bio.uaic.ro\/?author=1"},"uagb_comment_info":0,"uagb_excerpt":"Detalii Lista studen\u021bilor doctoranzi coordona\u021biProf. univ. dr. habil. Lumini\u021ba Bejenaru Anatomie Comparat\u0103.\ufeff UAIC, Corp B, Demisol I, Sala B204 Tel: 0232\/201102 int.1527lumib@uaic.ro DetaliiLista studen\u021bilor doctoranzi coordona\u021bi CS I dr. habil. Alin Stelian Ciob\u00eec\u0103 Neurofiziologie animal\u0103. Comportament. Stres oxidativ. UAIC, Corp B, Demisol I, Sala B128 Tel: 0751218264 alin.ciobica@uaic.ro DetaliiLista studen\u021bilor doctoranzi coordona\u021bi Prof. univ. dr.&hellip;&hellip;","_links":{"self":[{"href":"https:\/\/www.bio.uaic.ro\/index.php?rest_route=\/wp\/v2\/pages\/1741","targetHints":{"allow":["GET"]}}],"collection":[{"href":"https:\/\/www.bio.uaic.ro\/index.php?rest_route=\/wp\/v2\/pages"}],"about":[{"href":"https:\/\/www.bio.uaic.ro\/index.php?rest_route=\/wp\/v2\/types\/page"}],"author":[{"embeddable":true,"href":"https:\/\/www.bio.uaic.ro\/index.php?rest_route=\/wp\/v2\/users\/1"}],"replies":[{"embeddable":true,"href":"https:\/\/www.bio.uaic.ro\/index.php?rest_route=%2Fwp%2Fv2%2Fcomments&post=1741"}],"version-history":[{"count":162,"href":"https:\/\/www.bio.uaic.ro\/index.php?rest_route=\/wp\/v2\/pages\/1741\/revisions"}],"predecessor-version":[{"id":24844,"href":"https:\/\/www.bio.uaic.ro\/index.php?rest_route=\/wp\/v2\/pages\/1741\/revisions\/24844"}],"up":[{"embeddable":true,"href":"https:\/\/www.bio.uaic.ro\/index.php?rest_route=\/wp\/v2\/pages\/524"}],"wp:attachment":[{"href":"https:\/\/www.bio.uaic.ro\/index.php?rest_route=%2Fwp%2Fv2%2Fmedia&parent=1741"}],"curies":[{"name":"wp","href":"https:\/\/api.w.org\/{rel}","templated":true}]}}