{"id":1735,"date":"2021-01-27T09:43:50","date_gmt":"2021-01-27T07:43:50","guid":{"rendered":"http:\/\/85.122.19.109\/?page_id=1735"},"modified":"2025-07-11T08:49:00","modified_gmt":"2025-07-11T05:49:00","slug":"misiune-si-obiective","status":"publish","type":"page","link":"https:\/\/www.bio.uaic.ro\/?page_id=1735","title":{"rendered":"\u0218coala doctoral\u0103 de Biologie"},"content":{"rendered":"<h3 class=\"wp-block-heading has-text-align-center has-text-color has-ek-typography\" style=\"color:#0e5820\"><strong>Misiunea \u0218colii doctorale de Biologie<\/strong> <span class=\"has-inline-color has-black-color\">este s\u0103 ofere o preg\u0103tire de \u00eenalt\u0103 calitate \u0219i s\u0103 formeze cercet\u0103tori independen\u021bi \u00een domeniul \u0219tiin\u021belor biologice, \u00een contextul na\u021bional \u0219i interna\u021bional actual.<\/span><\/h3>\n\n<div style=\"height:100px\" aria-hidden=\"true\" class=\"wp-block-spacer has-ek-typography\"><\/div>\n\n<h3 class=\"wp-block-heading has-text-color has-ek-typography\" style=\"color:#0e5820\">Obiective strategice<\/h3>\n\n<ul class=\"wp-block-list has-ek-typography\" style=\"\"><li class=\" has-ek-typography\" style=\"\">Dezvoltarea unor abilit\u0103\u021bi esen\u021biale pentru cercetarea \u0219tiin\u021bific\u0103.<\/li>\n\n<li class=\" has-ek-typography\" style=\"\">Stimularea colabor\u0103rii interdisciplinare \u0219i dezvoltarea de parteneriate cu alte institu\u021bii, publice sau private, care activeaz\u0103 \u00een domeniul cercet\u0103rii \u0219tiin\u021bifice.<\/li>\n\n<li class=\" has-ek-typography\" style=\"\">Sus\u021binerea studen\u021bilor-doctoranzi \u0219i conduc\u0103torilor de doctorat \u00een \u00eendeplinirea obiectivelor propuse.<\/li>\n\n\n<li>Promovarea rezultatelor activit\u0103\u021bii de cercetare.<\/li>\n\n\n\n<li>Dob\u00e2ndirea de competen\u021be esen\u021biale pentru o viitoare carier\u0103 de succes \u00een cercetare, educa\u021bie sau ca exper\u021bi \u00een diferite sectoare publice sau private.<\/li>\n<\/ul>\n\n<div style=\"height:100px\" aria-hidden=\"true\" class=\"wp-block-spacer has-ek-typography\"><\/div>\n\n<p class=\" has-ek-typography\" style=\"\"><strong>COMISIA PENTRU ELABORAREA\/ REVIZUIREA PLANURILOR DE \u00ceNV\u0102\u0162\u0102M\u00c2NT PROGRAME DE STUDII<\/strong><\/p>\n\n<ul class=\"wp-block-list has-ek-typography\" style=\"\">\n<li>Prof. dr. habil Lumini\u021ba BEJENARU &#8211; Responsabil<\/li>\n\n\n\n<li>Prof. dr. habil. Lucian HRI\u021aCU<\/li>\n\n\n\n<li>Prof. dr. habil. Marius MIH\u0102\u0218AN<\/li>\n\n\n\n<li>Conf. dr. habil. Lucian FUSU<\/li>\n\n\n\n<li>Conf. dr. Naela COSTIC\u0102<\/li>\n<\/ul>\n\n<div style=\"height:100px\" aria-hidden=\"true\" class=\"wp-block-spacer has-ek-typography\"><\/div>\n\n<div class=\"wp-block-cover aligncenter is-light is-style-editorskit-rounded has-ek-typography\" style=\"min-height:343px;aspect-ratio:unset;\"><img loading=\"lazy\" decoding=\"async\" width=\"2560\" height=\"1145\" class=\"wp-block-cover__image-background wp-image-5987\" alt=\"\" src=\"https:\/\/www.bio.uaic.ro\/wp-content\/uploads\/2021\/05\/sd-bio-1-scaled.jpg\" style=\"object-position:50% 0%\" data-object-fit=\"cover\" data-object-position=\"50% 0%\" srcset=\"https:\/\/www.bio.uaic.ro\/wp-content\/uploads\/2021\/05\/sd-bio-1-scaled.jpg 2560w, https:\/\/www.bio.uaic.ro\/wp-content\/uploads\/2021\/05\/sd-bio-1-300x134.jpg 300w, https:\/\/www.bio.uaic.ro\/wp-content\/uploads\/2021\/05\/sd-bio-1-1024x458.jpg 1024w, https:\/\/www.bio.uaic.ro\/wp-content\/uploads\/2021\/05\/sd-bio-1-768x344.jpg 768w, https:\/\/www.bio.uaic.ro\/wp-content\/uploads\/2021\/05\/sd-bio-1-1536x687.jpg 1536w, https:\/\/www.bio.uaic.ro\/wp-content\/uploads\/2021\/05\/sd-bio-1-2048x916.jpg 2048w, https:\/\/www.bio.uaic.ro\/wp-content\/uploads\/2021\/05\/sd-bio-1-1920x859.jpg 1920w\" sizes=\"auto, (max-width: 2560px) 100vw, 2560px\" \/><span aria-hidden=\"true\" class=\"wp-block-cover__background has-background-dim-10 has-background-dim\"><\/span><div class=\"wp-block-cover__inner-container is-layout-flow wp-block-cover-is-layout-flow\"><div style=\"height:101px\" aria-hidden=\"true\" class=\"wp-block-spacer has-ek-typography\"><\/div>\n\n<div style=\"height:27px\" aria-hidden=\"true\" class=\"wp-block-spacer has-ek-typography\"><\/div>\n\n<div class=\"wp-block-buttons is-horizontal is-content-justification-center is-layout-flex wp-container-core-buttons-is-layout-499968f5 wp-block-buttons-is-layout-flex has-ek-typography\" style=\"\"><div class=\"wp-block-button has-custom-width wp-block-button__width-25 has-ek-typography\" style=\"\"><a class=\"wp-block-button__link has-background wp-element-button\" href=\"?page_id=1741\" style=\"border-radius:10px;background-color:#0e5820\">Conduc\u0103tori <\/a><\/div>\n\n<div class=\"wp-block-button has-custom-width wp-block-button__width-25 has-ek-typography\" style=\"\"><a class=\"wp-block-button__link has-background wp-element-button\" href=\"https:\/\/www.bio.uaic.ro\/?page_id=1749\" style=\"border-radius:10px;background-color:#0e5820\">Informa\u021bii utile<\/a><\/div>\n\n<div class=\"wp-block-button has-custom-width wp-block-button__width-25 has-ek-typography\" style=\"\"><a class=\"wp-block-button__link has-background wp-element-button\" href=\"?cat=23\" style=\"border-radius:10px;background-color:#0e5820\">Actualit\u0103\u021bi<\/a><\/div>\n\n<div class=\"wp-block-button has-custom-width wp-block-button__width-25 has-ek-typography\" style=\"\"><a class=\"wp-block-button__link has-background wp-element-button\" href=\"?page_id=1771\" style=\"border-radius:10px;background-color:#0e5820\">Contact<\/a><\/div><\/div><\/div><\/div>","protected":false},"excerpt":{"rendered":"<p>Misiunea \u0218colii doctorale de Biologie este s\u0103 ofere o preg\u0103tire de \u00eenalt\u0103 calitate \u0219i s\u0103 formeze cercet\u0103tori independen\u021bi \u00een domeniul \u0219tiin\u021belor biologice, \u00een contextul na\u021bional \u0219i interna\u021bional actual. Obiective strategice COMISIA PENTRU ELABORAREA\/ REVIZUIREA PLANURILOR DE \u00ceNV\u0102\u0162\u0102M\u00c2NT PROGRAME DE STUDII<\/p>\n","protected":false},"author":1,"featured_media":0,"parent":1733,"menu_order":0,"comment_status":"closed","ping_status":"closed","template":"page-templates\/page-with-right-sidebar.php","meta":{"_editorskit_title_hidden":false,"_editorskit_reading_time":1,"_editorskit_is_block_options_detached":false,"_editorskit_block_options_position":"{}","_editorskit_typography_data":[],"_editorskit_blocks_typography":"","_uag_custom_page_level_css":"","footnotes":""},"class_list":["post-1735","page","type-page","status-publish","hentry"],"featured_image_src":null,"uagb_featured_image_src":{"full":false,"thumbnail":false,"medium":false,"medium_large":false,"large":false,"1536x1536":false,"2048x2048":false,"post-thumbnail":false,"mesmerize-full-hd":false},"uagb_author_info":{"display_name":"admin","author_link":"https:\/\/www.bio.uaic.ro\/?author=1"},"uagb_comment_info":0,"uagb_excerpt":"Misiunea \u0218colii doctorale de Biologie este s\u0103 ofere o preg\u0103tire de \u00eenalt\u0103 calitate \u0219i s\u0103 formeze cercet\u0103tori independen\u021bi \u00een domeniul \u0219tiin\u021belor biologice, \u00een contextul na\u021bional \u0219i interna\u021bional actual. Obiective strategice COMISIA PENTRU ELABORAREA\/ REVIZUIREA PLANURILOR DE \u00ceNV\u0102\u0162\u0102M\u00c2NT PROGRAME DE STUDII","_links":{"self":[{"href":"https:\/\/www.bio.uaic.ro\/index.php?rest_route=\/wp\/v2\/pages\/1735","targetHints":{"allow":["GET"]}}],"collection":[{"href":"https:\/\/www.bio.uaic.ro\/index.php?rest_route=\/wp\/v2\/pages"}],"about":[{"href":"https:\/\/www.bio.uaic.ro\/index.php?rest_route=\/wp\/v2\/types\/page"}],"author":[{"embeddable":true,"href":"https:\/\/www.bio.uaic.ro\/index.php?rest_route=\/wp\/v2\/users\/1"}],"replies":[{"embeddable":true,"href":"https:\/\/www.bio.uaic.ro\/index.php?rest_route=%2Fwp%2Fv2%2Fcomments&post=1735"}],"version-history":[{"count":27,"href":"https:\/\/www.bio.uaic.ro\/index.php?rest_route=\/wp\/v2\/pages\/1735\/revisions"}],"predecessor-version":[{"id":22952,"href":"https:\/\/www.bio.uaic.ro\/index.php?rest_route=\/wp\/v2\/pages\/1735\/revisions\/22952"}],"up":[{"embeddable":true,"href":"https:\/\/www.bio.uaic.ro\/index.php?rest_route=\/wp\/v2\/pages\/1733"}],"wp:attachment":[{"href":"https:\/\/www.bio.uaic.ro\/index.php?rest_route=%2Fwp%2Fv2%2Fmedia&parent=1735"}],"curies":[{"name":"wp","href":"https:\/\/api.w.org\/{rel}","templated":true}]}}