{"id":1604,"date":"2020-12-21T15:17:55","date_gmt":"2020-12-21T13:17:55","guid":{"rendered":"http:\/\/85.122.19.109\/?page_id=1604"},"modified":"2021-04-14T11:58:45","modified_gmt":"2021-04-14T08:58:45","slug":"prelegeri","status":"publish","type":"page","link":"https:\/\/www.bio.uaic.ro\/?page_id=1604","title":{"rendered":"Prelegeri"},"content":{"rendered":"\n<div class=\"wp-block-columns is-layout-flex wp-container-core-columns-is-layout-9d6595d7 wp-block-columns-is-layout-flex\">\n<div class=\"wp-block-column is-vertically-aligned-top is-layout-flow wp-block-column-is-layout-flow\">\n<h3 class=\"has-text-align-center has-text-color wp-block-heading\" style=\"color:#0e5820\">26 martie 2020<\/h3>\n\n\n\n<p class=\"has-text-align-center\">APLICA\u0162II COMPORTAMENTALE 2D \u015eI 3D LA MODELELE DE PE\u015eTI PENTRU STUDIEREA EFECTELOR \u015eI NORMAREA CONTAMINAN\u0162IILOR DIN MEDIU \u015eI HRAN\u0102 <\/p>\n\n\n\n<p class=\"has-text-align-center\">\u015etefan Adrian Strungaru &#8211; Universitatea \u201cAlexandru Ioan Cuza\u201d din Ia\u0219i<\/p>\n\n\n\n<div class=\"wp-block-image\"><figure class=\"aligncenter size-large\"><img loading=\"lazy\" decoding=\"async\" width=\"724\" height=\"1024\" src=\"https:\/\/www.bio.uaic.ro\/wp-content\/uploads\/2021\/04\/2020-03-26_Stefan_Adrian_Strungaru-724x1024.jpg\" alt=\"\" class=\"wp-image-5125\" srcset=\"https:\/\/www.bio.uaic.ro\/wp-content\/uploads\/2021\/04\/2020-03-26_Stefan_Adrian_Strungaru-724x1024.jpg 724w, https:\/\/www.bio.uaic.ro\/wp-content\/uploads\/2021\/04\/2020-03-26_Stefan_Adrian_Strungaru-212x300.jpg 212w, https:\/\/www.bio.uaic.ro\/wp-content\/uploads\/2021\/04\/2020-03-26_Stefan_Adrian_Strungaru-768x1086.jpg 768w, https:\/\/www.bio.uaic.ro\/wp-content\/uploads\/2021\/04\/2020-03-26_Stefan_Adrian_Strungaru-1086x1536.jpg 1086w, https:\/\/www.bio.uaic.ro\/wp-content\/uploads\/2021\/04\/2020-03-26_Stefan_Adrian_Strungaru-1448x2048.jpg 1448w, https:\/\/www.bio.uaic.ro\/wp-content\/uploads\/2021\/04\/2020-03-26_Stefan_Adrian_Strungaru-1024x1448.jpg 1024w, https:\/\/www.bio.uaic.ro\/wp-content\/uploads\/2021\/04\/2020-03-26_Stefan_Adrian_Strungaru-764x1080.jpg 764w, https:\/\/www.bio.uaic.ro\/wp-content\/uploads\/2021\/04\/2020-03-26_Stefan_Adrian_Strungaru-scaled.jpg 1810w\" sizes=\"auto, (max-width: 724px) 100vw, 724px\" \/><\/figure><\/div>\n\n\n\n<h3 class=\"has-text-align-center has-text-color wp-block-heading\" style=\"color:#0e5820\">19 aprilie 2019<\/h3>\n\n\n\n<p class=\"has-text-align-center\">STUDII PRIVIND IMPORTAN\u021aA STRESULUI OXIDATIV<br>\u00ceN CRONICIZAREA BOLILOR NEUROPSIHIATRICE,<br>RELEVAN\u021a\u0102 PENTRU SINDROMUL DE COLON IRITABIL?<\/p>\n\n\n\n<p class=\"has-text-align-center\">Alin Ciob\u00eec\u0103, Iulia Antioch, Ioana-Miruna Balmu\u0219, Ioana Cojocariu &#8211; Universitatea \u201cAlexandru Ioan Cuza\u201d din Ia\u0219i<\/p>\n\n\n\n<div class=\"wp-block-image\"><figure class=\"aligncenter size-large\"><img loading=\"lazy\" decoding=\"async\" width=\"724\" height=\"1024\" src=\"https:\/\/www.bio.uaic.ro\/wp-content\/uploads\/2021\/04\/2019-04-19_Ciobica_Antioch_Balmus_Cojocariu-724x1024.jpg\" alt=\"\" class=\"wp-image-5138\" srcset=\"https:\/\/www.bio.uaic.ro\/wp-content\/uploads\/2021\/04\/2019-04-19_Ciobica_Antioch_Balmus_Cojocariu-724x1024.jpg 724w, https:\/\/www.bio.uaic.ro\/wp-content\/uploads\/2021\/04\/2019-04-19_Ciobica_Antioch_Balmus_Cojocariu-212x300.jpg 212w, https:\/\/www.bio.uaic.ro\/wp-content\/uploads\/2021\/04\/2019-04-19_Ciobica_Antioch_Balmus_Cojocariu-768x1086.jpg 768w, https:\/\/www.bio.uaic.ro\/wp-content\/uploads\/2021\/04\/2019-04-19_Ciobica_Antioch_Balmus_Cojocariu-1086x1536.jpg 1086w, https:\/\/www.bio.uaic.ro\/wp-content\/uploads\/2021\/04\/2019-04-19_Ciobica_Antioch_Balmus_Cojocariu-1448x2048.jpg 1448w, https:\/\/www.bio.uaic.ro\/wp-content\/uploads\/2021\/04\/2019-04-19_Ciobica_Antioch_Balmus_Cojocariu-1024x1448.jpg 1024w, https:\/\/www.bio.uaic.ro\/wp-content\/uploads\/2021\/04\/2019-04-19_Ciobica_Antioch_Balmus_Cojocariu-764x1080.jpg 764w, https:\/\/www.bio.uaic.ro\/wp-content\/uploads\/2021\/04\/2019-04-19_Ciobica_Antioch_Balmus_Cojocariu-scaled.jpg 1810w\" sizes=\"auto, (max-width: 724px) 100vw, 724px\" \/><\/figure><\/div>\n<\/div>\n\n\n\n<div class=\"wp-block-column is-layout-flow wp-block-column-is-layout-flow\">\n<h3 class=\"has-text-align-center has-text-color wp-block-heading\" style=\"color:#0e5820\">30 mai 2019<\/h3>\n\n\n\n<p class=\"has-text-align-center\">RELEVAN\u021aA TIPULUI DE COMPETI\u021aIE INTRASPECIFIC\u0102<br>\u00ceN SELECTIA DISRUPTIV\u0102<\/p>\n\n\n\n<div style=\"height:24px\" aria-hidden=\"true\" class=\"wp-block-spacer\"><\/div>\n\n\n\n<p class=\"has-text-align-center\">Alexandru Strugariu &#8211; Universitatea \u201cAlexandru Ioan Cuza\u201d din Ia\u0219i<\/p>\n\n\n\n<div class=\"wp-block-image\"><figure class=\"aligncenter size-large\"><img loading=\"lazy\" decoding=\"async\" width=\"724\" height=\"1024\" src=\"https:\/\/www.bio.uaic.ro\/wp-content\/uploads\/2021\/04\/2019-05-30_Alexandru_Strugariu-724x1024.jpg\" alt=\"\" class=\"wp-image-5126\" srcset=\"https:\/\/www.bio.uaic.ro\/wp-content\/uploads\/2021\/04\/2019-05-30_Alexandru_Strugariu-724x1024.jpg 724w, https:\/\/www.bio.uaic.ro\/wp-content\/uploads\/2021\/04\/2019-05-30_Alexandru_Strugariu-212x300.jpg 212w, https:\/\/www.bio.uaic.ro\/wp-content\/uploads\/2021\/04\/2019-05-30_Alexandru_Strugariu-768x1086.jpg 768w, https:\/\/www.bio.uaic.ro\/wp-content\/uploads\/2021\/04\/2019-05-30_Alexandru_Strugariu-1086x1536.jpg 1086w, https:\/\/www.bio.uaic.ro\/wp-content\/uploads\/2021\/04\/2019-05-30_Alexandru_Strugariu-1449x2048.jpg 1449w, https:\/\/www.bio.uaic.ro\/wp-content\/uploads\/2021\/04\/2019-05-30_Alexandru_Strugariu-1024x1448.jpg 1024w, https:\/\/www.bio.uaic.ro\/wp-content\/uploads\/2021\/04\/2019-05-30_Alexandru_Strugariu-764x1080.jpg 764w, https:\/\/www.bio.uaic.ro\/wp-content\/uploads\/2021\/04\/2019-05-30_Alexandru_Strugariu-scaled.jpg 1811w\" sizes=\"auto, (max-width: 724px) 100vw, 724px\" \/><\/figure><\/div>\n\n\n\n<h3 class=\"has-text-align-center has-text-color wp-block-heading\" style=\"color:#0e5820\">13 martie 2019<\/h3>\n\n\n\n<p class=\"has-text-align-center\">EFECTELE POLUAN\u021aILOR ASUPRA BIODIVERSIT\u0102\u021aII<\/p>\n\n\n\n<div style=\"height:48px\" aria-hidden=\"true\" class=\"wp-block-spacer\"><\/div>\n\n\n\n<p class=\"has-text-align-center\">Mircea Nicoar\u0103, \u0218tefan Strungaru &#8211;<br>Universitatea \u201cAlexandru Ioan Cuza\u201d din Ia\u0219i<\/p>\n\n\n\n<div class=\"wp-block-image\"><figure class=\"aligncenter size-large\"><img loading=\"lazy\" decoding=\"async\" width=\"761\" height=\"1024\" src=\"https:\/\/www.bio.uaic.ro\/wp-content\/uploads\/2021\/04\/2019-03-13_Nicoara_Strungaru-761x1024.jpg\" alt=\"\" class=\"wp-image-5141\" srcset=\"https:\/\/www.bio.uaic.ro\/wp-content\/uploads\/2021\/04\/2019-03-13_Nicoara_Strungaru-761x1024.jpg 761w, https:\/\/www.bio.uaic.ro\/wp-content\/uploads\/2021\/04\/2019-03-13_Nicoara_Strungaru-223x300.jpg 223w, https:\/\/www.bio.uaic.ro\/wp-content\/uploads\/2021\/04\/2019-03-13_Nicoara_Strungaru-768x1034.jpg 768w, https:\/\/www.bio.uaic.ro\/wp-content\/uploads\/2021\/04\/2019-03-13_Nicoara_Strungaru-1141x1536.jpg 1141w, https:\/\/www.bio.uaic.ro\/wp-content\/uploads\/2021\/04\/2019-03-13_Nicoara_Strungaru-1521x2048.jpg 1521w, https:\/\/www.bio.uaic.ro\/wp-content\/uploads\/2021\/04\/2019-03-13_Nicoara_Strungaru-1024x1379.jpg 1024w, https:\/\/www.bio.uaic.ro\/wp-content\/uploads\/2021\/04\/2019-03-13_Nicoara_Strungaru-802x1080.jpg 802w, https:\/\/www.bio.uaic.ro\/wp-content\/uploads\/2021\/04\/2019-03-13_Nicoara_Strungaru-scaled.jpg 1901w\" sizes=\"auto, (max-width: 761px) 100vw, 761px\" \/><\/figure><\/div>\n<\/div>\n<\/div>\n","protected":false},"excerpt":{"rendered":"<p>26 martie 2020 APLICA\u0162II COMPORTAMENTALE 2D \u015eI 3D LA MODELELE DE PE\u015eTI PENTRU STUDIEREA EFECTELOR \u015eI NORMAREA CONTAMINAN\u0162IILOR DIN MEDIU \u015eI HRAN\u0102 \u015etefan Adrian Strungaru &#8211; Universitatea \u201cAlexandru Ioan Cuza\u201d din Ia\u0219i 19 aprilie 2019 STUDII PRIVIND IMPORTAN\u021aA STRESULUI OXIDATIV\u00ceN CRONICIZAREA BOLILOR NEUROPSIHIATRICE,RELEVAN\u021a\u0102 PENTRU SINDROMUL DE COLON IRITABIL? Alin Ciob\u00eec\u0103, Iulia Antioch, Ioana-Miruna Balmu\u0219, Ioana&hellip; <br \/> <a class=\"read-more\" href=\"https:\/\/www.bio.uaic.ro\/?page_id=1604\">Cite\u0219te mai mult<\/a><\/p>\n","protected":false},"author":1,"featured_media":0,"parent":1594,"menu_order":0,"comment_status":"closed","ping_status":"closed","template":"page-templates\/page-with-right-sidebar.php","meta":{"_editorskit_title_hidden":false,"_editorskit_reading_time":1,"_editorskit_is_block_options_detached":false,"_editorskit_block_options_position":"{}","_editorskit_typography_data":[],"_editorskit_blocks_typography":"","_uag_custom_page_level_css":"","footnotes":""},"class_list":["post-1604","page","type-page","status-publish","hentry"],"featured_image_src":null,"uagb_featured_image_src":{"full":false,"thumbnail":false,"medium":false,"medium_large":false,"large":false,"1536x1536":false,"2048x2048":false,"post-thumbnail":false,"mesmerize-full-hd":false},"uagb_author_info":{"display_name":"admin","author_link":"https:\/\/www.bio.uaic.ro\/?author=1"},"uagb_comment_info":0,"uagb_excerpt":"26 martie 2020 APLICA\u0162II COMPORTAMENTALE 2D \u015eI 3D LA MODELELE DE PE\u015eTI PENTRU STUDIEREA EFECTELOR \u015eI NORMAREA CONTAMINAN\u0162IILOR DIN MEDIU \u015eI HRAN\u0102 \u015etefan Adrian Strungaru &#8211; Universitatea \u201cAlexandru Ioan Cuza\u201d din Ia\u0219i 19 aprilie 2019 STUDII PRIVIND IMPORTAN\u021aA STRESULUI OXIDATIV\u00ceN CRONICIZAREA BOLILOR NEUROPSIHIATRICE,RELEVAN\u021a\u0102 PENTRU SINDROMUL DE COLON IRITABIL? Alin Ciob\u00eec\u0103, Iulia Antioch, Ioana-Miruna Balmu\u0219, Ioana&hellip;&hellip;","_links":{"self":[{"href":"https:\/\/www.bio.uaic.ro\/index.php?rest_route=\/wp\/v2\/pages\/1604","targetHints":{"allow":["GET"]}}],"collection":[{"href":"https:\/\/www.bio.uaic.ro\/index.php?rest_route=\/wp\/v2\/pages"}],"about":[{"href":"https:\/\/www.bio.uaic.ro\/index.php?rest_route=\/wp\/v2\/types\/page"}],"author":[{"embeddable":true,"href":"https:\/\/www.bio.uaic.ro\/index.php?rest_route=\/wp\/v2\/users\/1"}],"replies":[{"embeddable":true,"href":"https:\/\/www.bio.uaic.ro\/index.php?rest_route=%2Fwp%2Fv2%2Fcomments&post=1604"}],"version-history":[{"count":19,"href":"https:\/\/www.bio.uaic.ro\/index.php?rest_route=\/wp\/v2\/pages\/1604\/revisions"}],"predecessor-version":[{"id":5146,"href":"https:\/\/www.bio.uaic.ro\/index.php?rest_route=\/wp\/v2\/pages\/1604\/revisions\/5146"}],"up":[{"embeddable":true,"href":"https:\/\/www.bio.uaic.ro\/index.php?rest_route=\/wp\/v2\/pages\/1594"}],"wp:attachment":[{"href":"https:\/\/www.bio.uaic.ro\/index.php?rest_route=%2Fwp%2Fv2%2Fmedia&parent=1604"}],"curies":[{"name":"wp","href":"https:\/\/api.w.org\/{rel}","templated":true}]}}