{"id":1602,"date":"2020-12-21T15:17:25","date_gmt":"2020-12-21T13:17:25","guid":{"rendered":"http:\/\/85.122.19.109\/?page_id=1602"},"modified":"2025-03-26T11:56:15","modified_gmt":"2025-03-26T09:56:15","slug":"manifestari-stiintifice","status":"publish","type":"page","link":"https:\/\/www.bio.uaic.ro\/?page_id=1602","title":{"rendered":"Manifest\u0103ri \u0219tiin\u021bifice"},"content":{"rendered":"<div class=\"wp-block-image is-style-editorskit-rounded\"><figure class=\"aligncenter size-large has-ek-typography\" style=\"\"><img loading=\"lazy\" decoding=\"async\" width=\"1024\" height=\"228\" src=\"https:\/\/www.bio.uaic.ro\/wp-content\/uploads\/2024\/03\/ssfb-1024x228.png\" alt=\"\" class=\"wp-image-18900\" srcset=\"https:\/\/www.bio.uaic.ro\/wp-content\/uploads\/2024\/03\/ssfb-1024x228.png 1024w, https:\/\/www.bio.uaic.ro\/wp-content\/uploads\/2024\/03\/ssfb-300x67.png 300w, https:\/\/www.bio.uaic.ro\/wp-content\/uploads\/2024\/03\/ssfb-768x171.png 768w, https:\/\/www.bio.uaic.ro\/wp-content\/uploads\/2024\/03\/ssfb.png 1347w\" sizes=\"auto, (max-width: 1024px) 100vw, 1024px\" \/><\/figure><\/div>\n\n<div style=\"height:30px\" aria-hidden=\"true\" class=\"wp-block-spacer has-ek-typography\"><\/div>\n\n<div class=\"wp-block-uagb-buttons uagb-buttons__outer-wrap uagb-btn__default-btn uagb-btn-tablet__default-btn uagb-btn-mobile__default-btn uagb-block-e5408666 has-ek-typography\" style=\"\"><div class=\"uagb-buttons__wrap uagb-buttons-layout-wrap \"><div class=\"wp-block-uagb-buttons-child uagb-buttons__outer-wrap uagb-block-581cb0ef wp-block-button has-ek-typography\" style=\"\"><div class=\"uagb-button__wrapper\"><a class=\"uagb-buttons-repeater wp-block-button__link\" aria-label=\"\" href=\"http:\/\/ssfb.bio.uaic.ro\" rel=\"follow noopener\" target=\"_self\" role=\"button\"><div class=\"uagb-button__link\">C\u0103tre site-ul SSFB<\/div><span class=\"uagb-button__icon uagb-button__icon-position-after\"><svg xmlns=\"https:\/\/www.w3.org\/2000\/svg\" viewbox=\"0 0 448 512\" aria-hidden=\"true\" focussable=\"false\"><path d=\"M438.6 278.6l-160 160C272.4 444.9 264.2 448 256 448s-16.38-3.125-22.62-9.375c-12.5-12.5-12.5-32.75 0-45.25L338.8 288H32C14.33 288 .0016 273.7 .0016 256S14.33 224 32 224h306.8l-105.4-105.4c-12.5-12.5-12.5-32.75 0-45.25s32.75-12.5 45.25 0l160 160C451.1 245.9 451.1 266.1 438.6 278.6z\"><\/path><\/svg><\/span><\/a><\/div><\/div><\/div><\/div>\n\n<div style=\"height:30px\" aria-hidden=\"true\" class=\"wp-block-spacer has-ek-typography\"><\/div>\n\n<hr class=\"wp-block-separator has-text-color has-alpha-channel-opacity has-background is-style-wide has-ek-typography\" style=\"background-color:#4232c2;color:#4232c2\">\n\n<div class=\"wp-block-uagb-faq uagb-faq__outer-wrap uagb-block-2653efd5 uagb-faq-icon-row-reverse uagb-faq-layout-accordion uagb-faq-expand-first-false uagb-faq-inactive-other-true uagb-faq__wrap uagb-buttons-layout-wrap uagb-faq-equal-height      has-ek-typography\" data-faqtoggle=\"true\" role=\"tablist\" style=\"\"><div class=\"wp-block-uagb-faq-child uagb-faq-child__outer-wrap uagb-faq-item uagb-block-c41e5243  has-ek-typography\" role=\"tab\" tabindex=\"0\" style=\"\"><div class=\"uagb-faq-questions-button uagb-faq-questions\">\t\t\t<span class=\"uagb-icon uagb-faq-icon-wrap\">\n\t\t\t\t\t\t\t\t<svg xmlns=\"https:\/\/www.w3.org\/2000\/svg\" viewbox=\"0 0 448 512\"><path d=\"M432 256c0 17.69-14.33 32.01-32 32.01H256v144c0 17.69-14.33 31.99-32 31.99s-32-14.3-32-31.99v-144H48c-17.67 0-32-14.32-32-32.01s14.33-31.99 32-31.99H192v-144c0-17.69 14.33-32.01 32-32.01s32 14.32 32 32.01v144h144C417.7 224 432 238.3 432 256z\"><\/path><\/svg>\n\t\t\t\t\t\t\t<\/span>\n\t\t\t\t\t\t<span class=\"uagb-icon-active uagb-faq-icon-wrap\">\n\t\t\t\t\t\t\t\t<svg xmlns=\"https:\/\/www.w3.org\/2000\/svg\" viewbox=\"0 0 448 512\"><path d=\"M400 288h-352c-17.69 0-32-14.32-32-32.01s14.31-31.99 32-31.99h352c17.69 0 32 14.3 32 31.99S417.7 288 400 288z\"><\/path><\/svg>\n\t\t\t\t\t\t\t<\/span>\n\t\t\t<h3 class=\"uagb-question\">Arhiv\u0103 evenimente:<\/h3><\/div><div class=\"uagb-faq-content\"><p><a href=\"http:\/\/ssfb.bio.uaic.ro\/category\/arhiva_2024\/\" target=\"_blank\" rel=\"noreferrer noopener\">2024<\/a> &#8211; Tendin\u021be \u00een Biologie:\u00a0<strong><em>de la molecule la sisteme complexe<\/em><\/strong><br><a href=\"http:\/\/cercetare.bio.uaic.ro\/SSFB\/2023\/index.html\" target=\"_blank\" rel=\"noreferrer noopener\">2023<\/a> &#8211; Tendin\u021be \u00een Biologie:\u00a0<strong><em>de la molecule la sisteme complexe<\/em><\/strong><br><a href=\"http:\/\/cercetare.bio.uaic.ro\/SSFB\/2023\/index.html\" target=\"_blank\" rel=\"noreferrer noopener\">2022<\/a> &#8211; Tendin\u021be \u00een Biologie:\u00a0<strong><em>de la molecule la sisteme complexe<\/em><\/strong><a href=\"http:\/\/cercetare.bio.uaic.ro\/SSFB\/2023\/index.html\" target=\"_blank\" rel=\"noreferrer noopener\"><br><\/a><a href=\"http:\/\/cercetare.bio.uaic.ro\/ssbio\/index.html\" target=\"_blank\" rel=\"noreferrer noopener\">2021<\/a> &#8211; Tendin\u021be \u00een Biologie:\u00a0<strong><em>de la molecule la sisteme complexe<\/em><\/strong><br><a href=\"https:\/\/bit.ly\/sesiune2017\" target=\"_blank\" rel=\"noreferrer noopener\">2017<\/a> &#8211; Diversitatea structural\u0103 \u0219i func\u021bional\u0103 a ecosistemelor<br><a href=\"http:\/\/cercetare.bio.uaic.ro\/sites\/arhiva_sesiune\/2016\/index.html\" target=\"_blank\" rel=\"noreferrer noopener\">2016<\/a> &#8211; Faculty of Biology Annual Scientific Meeting<br><a href=\"http:\/\/cercetare.bio.uaic.ro\/sites\/arhiva_sesiune\/2015\/index.html\" target=\"_blank\" rel=\"noreferrer noopener\">2015<\/a> &#8211; Sesiunea \u0219tiin\u021bific\u0103 anual\u0103 a Facult\u0103tii de Biologie<br><a href=\"http:\/\/cercetare.bio.uaic.ro\/sites\/arhiva_sesiune\/2014\/index.html\" target=\"_blank\" rel=\"noreferrer noopener\">2014<\/a> &#8211; Conservarea biodiversit\u0103\u021bii, \u00een contextul dezvolt\u0103rii durabile<br><a href=\"http:\/\/cercetare.bio.uaic.ro\/sites\/arhiva_sesiune\/2013\/index.html\" target=\"_blank\" rel=\"noreferrer noopener\">2013<\/a> &#8211; Sesiunea \u015ftiin\u0163ific\u0103 anual\u0103 a Facult\u0103\u0163ii de Biologie<br><a href=\"http:\/\/cercetare.bio.uaic.ro\/sites\/arhiva_sesiune\/2012\/start.html\" target=\"_blank\" rel=\"noreferrer noopener\">2012<\/a> &#8211; Impactul antropic asupra diversit\u0103tii structurale \u0219i func\u021bionale a sistemelor biologice<br><a href=\"http:\/\/cercetare.bio.uaic.ro\/sites\/arhiva_sesiune\/2011\/start.html\" target=\"_blank\" rel=\"noreferrer noopener\">2011<\/a> &#8211; Diversitate structural\u0103 \u0219i func\u021bional\u0103 \u00een organizarea biologic\u0103<br><a href=\"http:\/\/cercetare.bio.uaic.ro\/sites\/arhiva_sesiune\/2010\/start.html\" target=\"_blank\" rel=\"noreferrer noopener\">2010<\/a> &#8211; Simpozion dedicat Anului Interna\u0163ional al Biodiversit\u0103\u0163ii<\/p><\/div><\/div><\/div>\n\n<hr class=\"wp-block-separator has-text-color has-alpha-channel-opacity has-background is-style-wide has-ek-typography\" style=\"background-color:#4232c2;color:#4232c2\">","protected":false},"excerpt":{"rendered":"","protected":false},"author":1,"featured_media":0,"parent":1594,"menu_order":0,"comment_status":"closed","ping_status":"closed","template":"","meta":{"_editorskit_title_hidden":false,"_editorskit_reading_time":1,"_editorskit_is_block_options_detached":false,"_editorskit_block_options_position":"{}","_editorskit_typography_data":[],"_editorskit_blocks_typography":"","_uag_custom_page_level_css":"","footnotes":""},"class_list":["post-1602","page","type-page","status-publish","hentry"],"featured_image_src":null,"uagb_featured_image_src":{"full":false,"thumbnail":false,"medium":false,"medium_large":false,"large":false,"1536x1536":false,"2048x2048":false,"post-thumbnail":false,"mesmerize-full-hd":false},"uagb_author_info":{"display_name":"admin","author_link":"https:\/\/www.bio.uaic.ro\/?author=1"},"uagb_comment_info":0,"uagb_excerpt":null,"_links":{"self":[{"href":"https:\/\/www.bio.uaic.ro\/index.php?rest_route=\/wp\/v2\/pages\/1602","targetHints":{"allow":["GET"]}}],"collection":[{"href":"https:\/\/www.bio.uaic.ro\/index.php?rest_route=\/wp\/v2\/pages"}],"about":[{"href":"https:\/\/www.bio.uaic.ro\/index.php?rest_route=\/wp\/v2\/types\/page"}],"author":[{"embeddable":true,"href":"https:\/\/www.bio.uaic.ro\/index.php?rest_route=\/wp\/v2\/users\/1"}],"replies":[{"embeddable":true,"href":"https:\/\/www.bio.uaic.ro\/index.php?rest_route=%2Fwp%2Fv2%2Fcomments&post=1602"}],"version-history":[{"count":38,"href":"https:\/\/www.bio.uaic.ro\/index.php?rest_route=\/wp\/v2\/pages\/1602\/revisions"}],"predecessor-version":[{"id":22245,"href":"https:\/\/www.bio.uaic.ro\/index.php?rest_route=\/wp\/v2\/pages\/1602\/revisions\/22245"}],"up":[{"embeddable":true,"href":"https:\/\/www.bio.uaic.ro\/index.php?rest_route=\/wp\/v2\/pages\/1594"}],"wp:attachment":[{"href":"https:\/\/www.bio.uaic.ro\/index.php?rest_route=%2Fwp%2Fv2%2Fmedia&parent=1602"}],"curies":[{"name":"wp","href":"https:\/\/api.w.org\/{rel}","templated":true}]}}