{"id":13198,"date":"2022-06-02T09:36:05","date_gmt":"2022-06-02T06:36:05","guid":{"rendered":"https:\/\/www.bio.uaic.ro\/?page_id=13198"},"modified":"2022-06-02T19:24:05","modified_gmt":"2022-06-02T16:24:05","slug":"vara-incepe-cu-biologia-in-parc","status":"publish","type":"page","link":"https:\/\/www.bio.uaic.ro\/?page_id=13198","title":{"rendered":"Vara \u00eencepe cu &#8230; Biologia \u00een parc!"},"content":{"rendered":"\n<div class=\"wp-block-columns is-layout-flex wp-container-core-columns-is-layout-9d6595d7 wp-block-columns-is-layout-flex\">\n<div class=\"wp-block-column is-vertically-aligned-top is-layout-flow wp-block-column-is-layout-flow\" style=\"flex-basis:66.66%\">\n<p class=\"has-text-align-justify\"><strong>De 1 iunie, Facultatea de Biologie \u0219i Asocia\u021bia Studen\u021bilor Biologi din Ia\u0219i te invit\u0103 \u00een Gr\u0103dina Botanic\u0103 Anastasie F\u0103tu, \u00eentre orele 10 \u0219i 14, s\u0103 descoperi natura din jurul t\u0103u! <\/strong><\/p>\n\n\n\n<p class=\"has-text-align-justify\">\u00ce\u021bi vor fi al\u0103turi cadre didactice \u0219i studen\u021bi ai Facult\u0103\u021bii de Biologie! \u021ai-am preg\u0103tit tururi ghidate \u0219i multe surprize! Te a\u0219tept\u0103m la standul nostru, din cadrul complexului de sere!<\/p>\n\n\n\n<p><strong>Programul tururilor ghidate:<\/strong><\/p>\n\n\n\n<p>10.30 \u2013 Descoper\u0103 p\u0103s\u0103rile din Gr\u0103dina Botanic\u0103<\/p>\n\n\n\n<p>10.30 \u2013 Sssssssss&#8230;&#8230; \u0219erpi, \u0219op\u00e2rle \u0219i amfibieni<\/p>\n\n\n\n<p>11.30 \u2013 Via\u021ba acvatic\u0103 \u2013 aplica\u021bie la lacul din Sec\u021bia Flora \u0219i vegeta\u021bia Rom\u00e2niei<\/p>\n\n\n\n<p>12.00 \u0219i 13.00 \u2013 E timpul pentru pasiona\u021bii de plante sau de insecte!<\/p>\n\n\n\n<p class=\"has-text-align-justify\">Eveniment organizat de Facultatea de Biologie \u0219i Asocia\u021bia Studen\u021bilor Biologi din Ia\u0219i, cu sprijinul Gr\u0103dinii Botanice Anastasie F\u0103tu \u0219i al Asocia\u021biei Grupul Herpetologic Moldavica.<\/p>\n<\/div>\n\n\n\n<div class=\"wp-block-column is-layout-flow wp-block-column-is-layout-flow\" style=\"flex-basis:33.33%\">\n<figure class=\"wp-block-image size-large is-style-editorskit-rounded\"><img loading=\"lazy\" decoding=\"async\" width=\"768\" height=\"1024\" src=\"https:\/\/www.bio.uaic.ro\/wp-content\/uploads\/2022\/05\/afis_1_iunie_2022-768x1024.jpg\" alt=\"\" class=\"wp-image-13138\" srcset=\"https:\/\/www.bio.uaic.ro\/wp-content\/uploads\/2022\/05\/afis_1_iunie_2022-768x1024.jpg 768w, https:\/\/www.bio.uaic.ro\/wp-content\/uploads\/2022\/05\/afis_1_iunie_2022-225x300.jpg 225w, https:\/\/www.bio.uaic.ro\/wp-content\/uploads\/2022\/05\/afis_1_iunie_2022-810x1080.jpg 810w, https:\/\/www.bio.uaic.ro\/wp-content\/uploads\/2022\/05\/afis_1_iunie_2022.jpg 1008w\" sizes=\"auto, (max-width: 768px) 100vw, 768px\" \/><\/figure>\n<\/div>\n<\/div>\n\n\n\n<figure class=\"wp-block-video\"><video controls poster=\"https:\/\/www.bio.uaic.ro\/wp-content\/uploads\/2022\/06\/Screenshot-2022-06-02-at-19.20.12.png\" src=\"http:\/\/cercetare.bio.uaic.ro\/galerii_foto\/Biologia%20in%20parc%20720p.mp4\"><\/video><figcaption>\u00a9 Paul Dinc\u0103 &#8211; 2022<\/figcaption><\/figure>\n\n\n<p>[FinalTilesGallery id=&#8217;12&#8217;]<\/p>\n\n\n\n<p class=\"has-small-font-size\"><em><strong>Mul\u021bumiri deosebite colegilor no\u0219tri<\/strong> (Conf. univ. dr. Carmen Gache, Conf. univ. dr. Lucian Fusu, Conf. univ. dr. Ovidiu-Alin Popovici, \u0218ef lucr. dr. Vasilic\u0103-Claudiu Chinan, \u0218ef lucr. dr. Ciprian-Claudiu M\u00e2nzu, \u0218ef lucr. dr. Gabriel-Ionu\u021b Pl\u0103van, \u0218ef lucr. dr. Irinel-Eugen Popescu, CS III dr. Alexandru Strugariu, Paul-Cristian Dinc\u0103), precum \u0219i tuturor studen\u021bilor\/absolven\u021bilor pentru implicarea \u00een buna organizare a evenimentului.<\/em><\/p>\n","protected":false},"excerpt":{"rendered":"<p>De 1 iunie, Facultatea de Biologie \u0219i Asocia\u021bia Studen\u021bilor Biologi din Ia\u0219i te invit\u0103 \u00een Gr\u0103dina Botanic\u0103 Anastasie F\u0103tu, \u00eentre orele 10 \u0219i 14, s\u0103 descoperi natura din jurul t\u0103u! \u00ce\u021bi vor fi al\u0103turi cadre didactice \u0219i studen\u021bi ai Facult\u0103\u021bii de Biologie! \u021ai-am preg\u0103tit tururi ghidate \u0219i multe surprize! Te a\u0219tept\u0103m la standul nostru, din&hellip; <br \/> <a class=\"read-more\" href=\"https:\/\/www.bio.uaic.ro\/?page_id=13198\">Cite\u0219te mai mult<\/a><\/p>\n","protected":false},"author":1,"featured_media":0,"parent":0,"menu_order":0,"comment_status":"closed","ping_status":"closed","template":"","meta":{"_editorskit_title_hidden":false,"_editorskit_reading_time":1,"_editorskit_is_block_options_detached":false,"_editorskit_block_options_position":"{}","_editorskit_typography_data":[],"_editorskit_blocks_typography":"","_uag_custom_page_level_css":"","footnotes":""},"class_list":["post-13198","page","type-page","status-publish","hentry"],"featured_image_src":null,"uagb_featured_image_src":{"full":false,"thumbnail":false,"medium":false,"medium_large":false,"large":false,"1536x1536":false,"2048x2048":false,"post-thumbnail":false,"mesmerize-full-hd":false},"uagb_author_info":{"display_name":"admin","author_link":"https:\/\/www.bio.uaic.ro\/?author=1"},"uagb_comment_info":0,"uagb_excerpt":"De 1 iunie, Facultatea de Biologie \u0219i Asocia\u021bia Studen\u021bilor Biologi din Ia\u0219i te invit\u0103 \u00een Gr\u0103dina Botanic\u0103 Anastasie F\u0103tu, \u00eentre orele 10 \u0219i 14, s\u0103 descoperi natura din jurul t\u0103u! \u00ce\u021bi vor fi al\u0103turi cadre didactice \u0219i studen\u021bi ai Facult\u0103\u021bii de Biologie! \u021ai-am preg\u0103tit tururi ghidate \u0219i multe surprize! Te a\u0219tept\u0103m la standul nostru, din&hellip;&hellip;","_links":{"self":[{"href":"https:\/\/www.bio.uaic.ro\/index.php?rest_route=\/wp\/v2\/pages\/13198","targetHints":{"allow":["GET"]}}],"collection":[{"href":"https:\/\/www.bio.uaic.ro\/index.php?rest_route=\/wp\/v2\/pages"}],"about":[{"href":"https:\/\/www.bio.uaic.ro\/index.php?rest_route=\/wp\/v2\/types\/page"}],"author":[{"embeddable":true,"href":"https:\/\/www.bio.uaic.ro\/index.php?rest_route=\/wp\/v2\/users\/1"}],"replies":[{"embeddable":true,"href":"https:\/\/www.bio.uaic.ro\/index.php?rest_route=%2Fwp%2Fv2%2Fcomments&post=13198"}],"version-history":[{"count":12,"href":"https:\/\/www.bio.uaic.ro\/index.php?rest_route=\/wp\/v2\/pages\/13198\/revisions"}],"predecessor-version":[{"id":13313,"href":"https:\/\/www.bio.uaic.ro\/index.php?rest_route=\/wp\/v2\/pages\/13198\/revisions\/13313"}],"wp:attachment":[{"href":"https:\/\/www.bio.uaic.ro\/index.php?rest_route=%2Fwp%2Fv2%2Fmedia&parent=13198"}],"curies":[{"name":"wp","href":"https:\/\/api.w.org\/{rel}","templated":true}]}}