{"id":11841,"date":"2022-01-31T12:38:19","date_gmt":"2022-01-31T10:38:19","guid":{"rendered":"https:\/\/www.bio.uaic.ro\/?page_id=11841"},"modified":"2026-01-19T15:02:20","modified_gmt":"2026-01-19T13:02:20","slug":"alegere-tema-licenta-disertatie","status":"publish","type":"page","link":"https:\/\/www.bio.uaic.ro\/?page_id=11841","title":{"rendered":"Alegere tem\u0103 lucrare licen\u021b\u0103\/diserta\u021bie"},"content":{"rendered":"<p class=\"has-text-align-center has-medium-font-size has-ek-typography\" style=\"\"><strong>\u00cen aten\u021bia studen\u021bilor anului <span class=\"has-inline-color has-vivid-red-color\">II Licen\u021b\u0103<\/span> \u0219i <span class=\"has-inline-color has-vivid-red-color\">I Master <\/span>!<\/strong><\/p>\n\n<p class=\" has-ek-typography\" style=\"\">Dragi studen\u021bi,<\/p>\n\n<p class=\"has-text-align-justify has-ek-typography\" style=\"\">Sunte\u021bi invita\u021bi s\u0103 consulta\u021bi <strong>lista temelor propuse <\/strong>pentru lucr\u0103rile de licen\u021b\u0103, respectiv diserta\u021bie valabile pentru promo\u021bia dumneavoastr\u0103 (<strong>licen\u021b\u0103 <\/strong>2024 \u2013 2027; <strong>masterat <\/strong>2025 \u2013 2027) \u0219i s\u0103 alege\u021bi o tem\u0103 potrivit\u0103 planurilor dumneavoastr\u0103 de viitor.<\/p>\n\n<p class=\"has-text-align-center has-ek-typography\" style=\"\"><strong><i><span class=\"has-inline-background\" style=\"background-color:#fcb900\">Termenul limit\u0103 pentru alegerea unei teme este 1 martie 2026.<\/span><\/i><\/strong><\/p>\n\n<div style=\"height:35px\" aria-hidden=\"true\" class=\"wp-block-spacer has-ek-typography\"><\/div>\n\n<div class=\"wp-block-buttons is-content-justification-center is-layout-flex wp-container-core-buttons-is-layout-16018d1d wp-block-buttons-is-layout-flex has-ek-typography\" style=\"\"><div class=\"wp-block-button has-ek-typography\" style=\"\"><a class=\"wp-block-button__link has-white-color has-vivid-cyan-blue-background-color has-text-color has-background has-link-color wp-element-button mtli_attachment mtli_pdf\" href=\"https:\/\/www.bio.uaic.ro\/wp-content\/uploads\/2026\/01\/teme_licenta_2024_2027.pdf\" style=\"border-radius:10px\">Teme LICEN\u021a\u0102<\/a><\/div>\n\n<div class=\"wp-block-button has-ek-typography\" style=\"\"><a class=\"wp-block-button__link has-white-color has-luminous-vivid-orange-background-color has-text-color has-background has-link-color wp-element-button mtli_attachment mtli_pdf\" href=\"https:\/\/www.bio.uaic.ro\/wp-content\/uploads\/2026\/01\/teme_disertatie_2025_2027.pdf\" style=\"border-radius:10px\">Teme DISERTA\u021aIE<\/a><\/div><\/div>\n\n<div style=\"height:25px\" aria-hidden=\"true\" class=\"wp-block-spacer has-ek-typography\"><\/div>\n\n<p class=\" has-ek-typography\" style=\"\">Pentru a alege o tem\u0103 \u00een vederea realiz\u0103rii lucr\u0103rii de licen\u021b\u0103 sau de diserta\u021bie, ve\u021bi parcurge urm\u0103torii pa\u0219i:<\/p>\n\n<p class=\" has-ek-typography\" style=\"\"><strong>Pasul 1<\/strong>. Consulta\u021bi lista temelor propuse,<\/p>\n\n\n<p><strong>Pasul 2<\/strong>. Alege\u021bi o tem\u0103,<\/p>\n\n\n\n<p class=\"has-text-align-justify\"><strong>Pasul 3. Verifica\u021bi num\u0103rul de locuri disponibile pentru fiecare cadru didactic. <\/strong>Situa\u021bia locurilor disponibile va fi actualizat\u0103 zilnic \u0219i poate fi &nbsp;consultat\u0103 pe baz\u0103 de autentificare folosind contul de e-mail institu\u021bional aici:<\/p>\n\n\n<div class=\"wp-block-buttons is-content-justification-center is-layout-flex wp-container-core-buttons-is-layout-16018d1d wp-block-buttons-is-layout-flex has-ek-typography\" style=\"\"><div class=\"wp-block-button has-ek-typography\" style=\"\"><a class=\"wp-block-button__link has-white-color has-vivid-cyan-blue-background-color has-text-color has-background has-link-color wp-element-button\" href=\"https:\/\/uaiciasi-my.sharepoint.com\/:x:\/g\/personal\/stefan_olaru_staff_uaic_ro\/IQATvI4vxOV6RLdMUS5LpdzzAR-5i9Pc5YktDmnxOskRFls?e=YDRho8\" style=\"border-radius:10px\" target=\"_blank\" rel=\"noreferrer noopener\">Locuri LIBERE<\/a><\/div><\/div>\n\n<div style=\"height:25px\" aria-hidden=\"true\" class=\"wp-block-spacer has-ek-typography\"><\/div>\n\n\n<p><strong>Pasul 4.<\/strong> <strong>Contacta\u021bi cadrul didactic <\/strong>care a propus tema respectiv\u0103, pentru a v\u0103 asigura de disponibilitatea acestuia \u0219i pentru a stabili \u00eempreun\u0103 titlul final al lucr\u0103rii. \u00cen acest scop, pute\u021bi folosi adresa de e-mail pe care o g\u0103si\u021bi al\u0103turi de numele cadrului didactic \u00een listele ce con\u021bin propunerile de teme pentru realizarea lucr\u0103rii de licen\u021b\u0103\/diserta\u021bie.<\/p>\n\n\n\n<p class=\"has-text-align-center\"><strong><em><span class=\"has-inline-color has-vivid-red-color\">Observa\u021bii!<\/span><\/em><\/strong><\/p>\n\n\n<ol class=\"wp-block-list has-ek-typography\" style=\"\"><li class=\" has-ek-typography\" style=\"\"><strong>Nu este necesar\u0103 depunerea unei cereri pentru \u00eenscriere. Titlul final al lucr\u0103rii va fi \u00eenregistrat de c\u0103tre cadrul didactic care va deveni coordonatorul \u0219tiin\u021bific al lucr\u0103rii dumneavoastr\u0103 de licen\u021b\u0103 sau diserta\u021bie.<\/strong><\/li>\n\n<li class=\" has-ek-typography\" style=\"\"><strong>Nu uita\u021bi c\u0103, dup\u0103 alegerea temei, trebuie s\u0103 \u021bine\u021bi leg\u0103tura cu cadrul didactic coordonator, pentru a primi \u00eendrum\u0103rile necesare realiz\u0103rii lucr\u0103rii !!!<\/strong><\/li><\/ol>","protected":false},"excerpt":{"rendered":"<p>\u00cen aten\u021bia studen\u021bilor anului II Licen\u021b\u0103 \u0219i I Master ! Dragi studen\u021bi, Sunte\u021bi invita\u021bi s\u0103 consulta\u021bi lista temelor propuse pentru lucr\u0103rile de licen\u021b\u0103, respectiv diserta\u021bie valabile pentru promo\u021bia dumneavoastr\u0103 (licen\u021b\u0103 2024 \u2013 2027; masterat 2025 \u2013 2027) \u0219i s\u0103 alege\u021bi o tem\u0103 potrivit\u0103 planurilor dumneavoastr\u0103 de viitor. Termenul limit\u0103 pentru alegerea unei teme este 1&hellip; <br \/> <a class=\"read-more\" href=\"https:\/\/www.bio.uaic.ro\/?page_id=11841\">Cite\u0219te mai mult<\/a><\/p>\n","protected":false},"author":1,"featured_media":0,"parent":0,"menu_order":0,"comment_status":"closed","ping_status":"closed","template":"page-templates\/page-with-right-sidebar.php","meta":{"_editorskit_title_hidden":false,"_editorskit_reading_time":1,"_editorskit_is_block_options_detached":false,"_editorskit_block_options_position":"{}","_editorskit_typography_data":[],"_editorskit_blocks_typography":"","_uag_custom_page_level_css":"","footnotes":""},"class_list":["post-11841","page","type-page","status-publish","hentry"],"featured_image_src":null,"uagb_featured_image_src":{"full":false,"thumbnail":false,"medium":false,"medium_large":false,"large":false,"1536x1536":false,"2048x2048":false,"post-thumbnail":false,"mesmerize-full-hd":false},"uagb_author_info":{"display_name":"admin","author_link":"https:\/\/www.bio.uaic.ro\/?author=1"},"uagb_comment_info":0,"uagb_excerpt":"\u00cen aten\u021bia studen\u021bilor anului II Licen\u021b\u0103 \u0219i I Master ! Dragi studen\u021bi, Sunte\u021bi invita\u021bi s\u0103 consulta\u021bi lista temelor propuse pentru lucr\u0103rile de licen\u021b\u0103, respectiv diserta\u021bie valabile pentru promo\u021bia dumneavoastr\u0103 (licen\u021b\u0103 2024 \u2013 2027; masterat 2025 \u2013 2027) \u0219i s\u0103 alege\u021bi o tem\u0103 potrivit\u0103 planurilor dumneavoastr\u0103 de viitor. Termenul limit\u0103 pentru alegerea unei teme este 1&hellip;&hellip;","_links":{"self":[{"href":"https:\/\/www.bio.uaic.ro\/index.php?rest_route=\/wp\/v2\/pages\/11841","targetHints":{"allow":["GET"]}}],"collection":[{"href":"https:\/\/www.bio.uaic.ro\/index.php?rest_route=\/wp\/v2\/pages"}],"about":[{"href":"https:\/\/www.bio.uaic.ro\/index.php?rest_route=\/wp\/v2\/types\/page"}],"author":[{"embeddable":true,"href":"https:\/\/www.bio.uaic.ro\/index.php?rest_route=\/wp\/v2\/users\/1"}],"replies":[{"embeddable":true,"href":"https:\/\/www.bio.uaic.ro\/index.php?rest_route=%2Fwp%2Fv2%2Fcomments&post=11841"}],"version-history":[{"count":44,"href":"https:\/\/www.bio.uaic.ro\/index.php?rest_route=\/wp\/v2\/pages\/11841\/revisions"}],"predecessor-version":[{"id":24266,"href":"https:\/\/www.bio.uaic.ro\/index.php?rest_route=\/wp\/v2\/pages\/11841\/revisions\/24266"}],"wp:attachment":[{"href":"https:\/\/www.bio.uaic.ro\/index.php?rest_route=%2Fwp%2Fv2%2Fmedia&parent=11841"}],"curies":[{"name":"wp","href":"https:\/\/api.w.org\/{rel}","templated":true}]}}